{"id":3026,"date":"2022-09-28T18:22:30","date_gmt":"2022-09-28T16:22:30","guid":{"rendered":"https:\/\/www.alexisdegaribaldi.com\/?page_id=3026"},"modified":"2025-06-06T18:28:50","modified_gmt":"2025-06-06T16:28:50","slug":"stress-apprendre-a-le-doser","status":"publish","type":"page","link":"https:\/\/www.alexisdegaribaldi.com\/index.php\/coach-therapies-breves-coaching\/coaching-4\/stress-apprendre-a-le-doser\/","title":{"rendered":"Stress All of the Best Secrets"},"content":{"rendered":"\t\t<div data-elementor-type=\"wp-page\" data-elementor-id=\"3026\" class=\"elementor elementor-3026\">\n\t\t\t\t\t\t<section class=\"elementor-section elementor-top-section elementor-element elementor-element-8ff4afd elementor-section-boxed elementor-section-height-default elementor-section-height-default\" data-id=\"8ff4afd\" data-element_type=\"section\" data-e-type=\"section\">\n\t\t\t\t\t\t<div class=\"elementor-container elementor-column-gap-default\">\n\t\t\t\t\t<div class=\"elementor-column elementor-col-100 elementor-top-column elementor-element elementor-element-c803f6e\" data-id=\"c803f6e\" data-element_type=\"column\" data-e-type=\"column\">\n\t\t\t<div class=\"elementor-widget-wrap elementor-element-populated\">\n\t\t\t\t\t\t<div class=\"elementor-element elementor-element-4611ad5 elementor-widget elementor-widget-text-editor\" data-id=\"4611ad5\" data-element_type=\"widget\" data-e-type=\"widget\" data-widget_type=\"text-editor.default\">\n\t\t\t\t<div class=\"elementor-widget-container\">\n\t\t\t\t\t\t\t\t\t<p>Avant de rentrer dans les grandes d\u00e9finitions que vous pourrez lire en dessous,&nbsp;<\/p>\n<p>Ici <strong>chez Alexis de Garibaldi nous avons quelques outils, en coaching ou en bien \u00eatre, pour vous accompagner dans la gestion et la maitrise votre Stress.<\/strong><\/p>\n<p><strong>Le rendre plus confortable \u00e0 vivre,<\/strong> faire baisser son curseur, voir m\u00eame le faire dispara\u00eetre totalement suivant sa source et son degr\u00e9.<\/p>\n<p><strong>Apprendre \u00e0 l&rsquo;identifier, le connaitre, le ressentir, le doser, le ma\u00eetriser.<\/strong><\/p><p><strong>Identifier ce qui vous fait vibrer, raisonner ou d\u00e9raisonner<\/strong><\/p>\n<p>Nous sommes<strong> \u00e0 votre \u00e9coute, pour vous apporter des solutions adapt\u00e9es&#8230;<\/strong><\/p>\n<p>A bient\u00f4t&nbsp;<\/p>\n<p>A2G.<\/p>\t\t\t\t\t\t\t\t<\/div>\n\t\t\t\t<\/div>\n\t\t\t\t\t<\/div>\n\t\t<\/div>\n\t\t\t\t\t<\/div>\n\t\t<\/section>\n\t\t\t\t<section class=\"elementor-section elementor-top-section elementor-element elementor-element-71377a7 elementor-section-boxed elementor-section-height-default elementor-section-height-default\" data-id=\"71377a7\" data-element_type=\"section\" data-e-type=\"section\">\n\t\t\t\t\t\t<div class=\"elementor-container elementor-column-gap-default\">\n\t\t\t\t\t<div class=\"elementor-column elementor-col-100 elementor-top-column elementor-element elementor-element-bee361b\" data-id=\"bee361b\" data-element_type=\"column\" data-e-type=\"column\">\n\t\t\t<div class=\"elementor-widget-wrap elementor-element-populated\">\n\t\t\t\t\t\t<div class=\"elementor-element elementor-element-ad68add elementor-align-center elementor-widget elementor-widget-button\" data-id=\"ad68add\" data-element_type=\"widget\" data-e-type=\"widget\" data-widget_type=\"button.default\">\n\t\t\t\t<div class=\"elementor-widget-container\">\n\t\t\t\t\t\t\t\t\t<div class=\"elementor-button-wrapper\">\n\t\t\t\t\t<a class=\"elementor-button elementor-button-link elementor-size-sm\" href=\"https:\/\/www.alexisdegaribaldi.com\">\n\t\t\t\t\t\t<span class=\"elementor-button-content-wrapper\">\n\t\t\t\t\t\t\t\t\t<span class=\"elementor-button-text\">D\u00e9couvrir notre Menu<\/span>\n\t\t\t\t\t<\/span>\n\t\t\t\t\t<\/a>\n\t\t\t\t<\/div>\n\t\t\t\t\t\t\t\t<\/div>\n\t\t\t\t<\/div>\n\t\t\t\t\t<\/div>\n\t\t<\/div>\n\t\t\t\t\t<\/div>\n\t\t<\/section>\n\t\t\t\t<section class=\"elementor-section elementor-top-section elementor-element elementor-element-2b5245a elementor-section-boxed elementor-section-height-default elementor-section-height-default\" data-id=\"2b5245a\" data-element_type=\"section\" data-e-type=\"section\">\n\t\t\t\t\t\t<div class=\"elementor-container elementor-column-gap-default\">\n\t\t\t\t\t<div class=\"elementor-column elementor-col-100 elementor-top-column elementor-element elementor-element-22c07d0\" data-id=\"22c07d0\" data-element_type=\"column\" data-e-type=\"column\">\n\t\t\t<div class=\"elementor-widget-wrap elementor-element-populated\">\n\t\t\t\t\t\t<div class=\"elementor-element elementor-element-14d1216 elementor-align-center elementor-widget elementor-widget-button\" data-id=\"14d1216\" data-element_type=\"widget\" data-e-type=\"widget\" data-widget_type=\"button.default\">\n\t\t\t\t<div class=\"elementor-widget-container\">\n\t\t\t\t\t\t\t\t\t<div class=\"elementor-button-wrapper\">\n\t\t\t\t\t<a class=\"elementor-button elementor-button-link elementor-size-sm\" href=\"https:\/\/www.alexisdegaribaldi.com\/index.php\/https-www-alexisdegaribaldi-com-index-php-shop\/\">\n\t\t\t\t\t\t<span class=\"elementor-button-content-wrapper\">\n\t\t\t\t\t\t\t\t\t<span class=\"elementor-button-text\"> Acc\u00e9der \u00e0 notre Boutique<\/span>\n\t\t\t\t\t<\/span>\n\t\t\t\t\t<\/a>\n\t\t\t\t<\/div>\n\t\t\t\t\t\t\t\t<\/div>\n\t\t\t\t<\/div>\n\t\t\t\t\t<\/div>\n\t\t<\/div>\n\t\t\t\t\t<\/div>\n\t\t<\/section>\n\t\t\t\t<section class=\"elementor-section elementor-top-section elementor-element elementor-element-7ac7183 elementor-section-boxed elementor-section-height-default elementor-section-height-default\" data-id=\"7ac7183\" data-element_type=\"section\" data-e-type=\"section\">\n\t\t\t\t\t\t<div class=\"elementor-container elementor-column-gap-default\">\n\t\t\t\t\t<div class=\"elementor-column elementor-col-100 elementor-top-column elementor-element elementor-element-36c519f\" data-id=\"36c519f\" data-element_type=\"column\" data-e-type=\"column\">\n\t\t\t<div class=\"elementor-widget-wrap elementor-element-populated\">\n\t\t\t\t\t\t<div class=\"elementor-element elementor-element-bebb575 elementor-align-justify elementor-widget elementor-widget-button\" data-id=\"bebb575\" data-element_type=\"widget\" data-e-type=\"widget\" data-widget_type=\"button.default\">\n\t\t\t\t<div class=\"elementor-widget-container\">\n\t\t\t\t\t\t\t\t\t<div class=\"elementor-button-wrapper\">\n\t\t\t\t\t<a class=\"elementor-button elementor-button-link elementor-size-sm\" href=\"https:\/\/www.alexisdegaribaldi.com\/index.php\/poser-the-best-of-rdv\/\">\n\t\t\t\t\t\t<span class=\"elementor-button-content-wrapper\">\n\t\t\t\t\t\t\t\t\t<span class=\"elementor-button-text\">Prendre un rendez-vous<\/span>\n\t\t\t\t\t<\/span>\n\t\t\t\t\t<\/a>\n\t\t\t\t<\/div>\n\t\t\t\t\t\t\t\t<\/div>\n\t\t\t\t<\/div>\n\t\t\t\t\t<\/div>\n\t\t<\/div>\n\t\t\t\t\t<\/div>\n\t\t<\/section>\n\t\t\t\t<section class=\"elementor-section elementor-top-section elementor-element elementor-element-92c459b elementor-section-boxed elementor-section-height-default elementor-section-height-default\" data-id=\"92c459b\" data-element_type=\"section\" data-e-type=\"section\">\n\t\t\t\t\t\t<div class=\"elementor-container elementor-column-gap-default\">\n\t\t\t\t\t<div class=\"elementor-column elementor-col-100 elementor-top-column elementor-element elementor-element-8378db6\" data-id=\"8378db6\" data-element_type=\"column\" data-e-type=\"column\">\n\t\t\t<div class=\"elementor-widget-wrap elementor-element-populated\">\n\t\t\t\t\t\t<div class=\"elementor-element elementor-element-42e7165 elementor-widget elementor-widget-text-editor\" data-id=\"42e7165\" data-element_type=\"widget\" data-e-type=\"widget\" data-widget_type=\"text-editor.default\">\n\t\t\t\t<div class=\"elementor-widget-container\">\n\t\t\t\t\t\t\t\t\t<p>Le\u00a0<b>stress<\/b>\u00a0<span class=\"API nowrap\" title=\"Alphabet phon\u00e9tique international\">[<a class=\"mw-redirect\" title=\"API s\" href=\"https:\/\/fr.wikipedia.org\/wiki\/API_s\"><span title=\"[s] en fran\u00e7ais \u00ab s \u00bb dans \u00ab sa \u00bb ; ailleurs avec la langue un peu plus en arri\u00e8re (tel le basque : \u00ab s \u00bb dans \u00ab euskara \u00bb).\">s<\/span><\/a><a class=\"mw-redirect\" title=\"API t\" href=\"https:\/\/fr.wikipedia.org\/wiki\/API_t\"><span title=\"[t] en fran\u00e7ais \u00ab t \u00bb dans \u00ab tous \u00bb ; ailleurs avec la langue un peu plus en arri\u00e8re.\">t<\/span><\/a><a class=\"mw-redirect\" title=\"API \u0281\" href=\"https:\/\/fr.wikipedia.org\/wiki\/API_%CA%81\"><span title=\"[\u0281] \u00ab r \u00bb dans \u00ab roue \u00bb.\">\u0281<\/span><\/a><a class=\"mw-redirect\" title=\"API \u025b\" href=\"https:\/\/fr.wikipedia.org\/wiki\/API_%C9%9B\"><span title=\"[\u025b] \u00ab \u00e8 \u00bb dans \u00ab m\u00e8re \u00bb.\">\u025b<\/span><\/a><a class=\"mw-redirect\" title=\"API s\" href=\"https:\/\/fr.wikipedia.org\/wiki\/API_s\"><span title=\"[s] en fran\u00e7ais \u00ab s \u00bb dans \u00ab sa \u00bb ; ailleurs avec la langue un peu plus en arri\u00e8re (tel le basque : \u00ab s \u00bb dans \u00ab euskara \u00bb).\">s<\/span><\/a>]<\/span>\u00a0(<small>de l&rsquo;anglais<\/small>\u00a0<i><span class=\"lang-en\" lang=\"en\">stress<\/span><\/i>\u00a0<span class=\"API nowrap\" title=\"Alphabet phon\u00e9tique international\">[<a class=\"mw-redirect\" title=\"API s\" href=\"https:\/\/fr.wikipedia.org\/wiki\/API_s\"><span title=\"[s] en fran\u00e7ais \u00ab s \u00bb dans \u00ab sa \u00bb ; ailleurs avec la langue un peu plus en arri\u00e8re (tel le basque : \u00ab s \u00bb dans \u00ab euskara \u00bb).\">s<\/span><\/a><a class=\"mw-redirect\" title=\"API t\" href=\"https:\/\/fr.wikipedia.org\/wiki\/API_t\"><span title=\"[t] en fran\u00e7ais \u00ab t \u00bb dans \u00ab tous \u00bb ; ailleurs avec la langue un peu plus en arri\u00e8re.\">t<\/span><\/a><a class=\"mw-redirect\" title=\"API \u0279\" href=\"https:\/\/fr.wikipedia.org\/wiki\/API_%C9%B9\"><span title=\"[\u0279] en anglais \u00ab r \u00bb dans \u00ab right \u00bb.\">\u0279<\/span><\/a><a class=\"mw-redirect\" title=\"API \u025b\" href=\"https:\/\/fr.wikipedia.org\/wiki\/API_%C9%9B\"><span title=\"[\u025b] \u00ab \u00e8 \u00bb dans \u00ab m\u00e8re \u00bb.\">\u025b<\/span><\/a><a class=\"mw-redirect\" title=\"API s\" href=\"https:\/\/fr.wikipedia.org\/wiki\/API_s\"><span title=\"[s] en fran\u00e7ais \u00ab s \u00bb dans \u00ab sa \u00bb ; ailleurs avec la langue un peu plus en arri\u00e8re (tel le basque : \u00ab s \u00bb dans \u00ab euskara \u00bb).\">s<\/span><\/a>]<\/span><sup id=\"cite_ref-1\" class=\"reference\"><a href=\"https:\/\/fr.wikipedia.org\/wiki\/Stress#cite_note-1\">1<\/a><\/sup>\u00a0\u00a0est, en\u00a0<a title=\"Biologie\" href=\"https:\/\/fr.wikipedia.org\/wiki\/Biologie\">biologie<\/a>, l&rsquo;ensemble des r\u00e9actions d&rsquo;un\u00a0<a title=\"Organisme (physiologie)\" href=\"https:\/\/fr.wikipedia.org\/wiki\/Organisme_(physiologie)\">organisme<\/a>\u00a0soumis \u00e0 des pressions ou\u00a0<a class=\"mw-disambig\" title=\"Contrainte\" href=\"https:\/\/fr.wikipedia.org\/wiki\/Contrainte\">contraintes<\/a>\u00a0de l&rsquo;environnement.<\/p><p>Ces r\u00e9actions d\u00e9pendent toujours de la perception qu&rsquo;a l&rsquo;individu des pressions qu&rsquo;il ressent. Selon la d\u00e9finition m\u00e9dicale, il s&rsquo;agit d&rsquo;une s\u00e9quence complexe de situations provoquant des r\u00e9actions physiologiques, psychosomatiques.\u00a0<\/p><p>Par cons\u00e9quence, tous ces incidents sont \u00e9galement\u00a0 qualifi\u00e9s de stress.<\/p><p>Dans le langage courant, on parle de stress positif (<i><span class=\"lang-en\" lang=\"en\">eustress<\/span><\/i>\u00a0en anglais) ou n\u00e9gatif (<i><span class=\"lang-en\" lang=\"en\">distress<\/span><\/i>).<\/p><p>Le stress est diff\u00e9rent de l&rsquo;<a title=\"Anxi\u00e9t\u00e9\" href=\"https:\/\/fr.wikipedia.org\/wiki\/Anxi%C3%A9t%C3%A9\">anxi\u00e9t\u00e9<\/a>, celle-ci est une \u00e9motion alors que le stress est un m\u00e9canisme de r\u00e9ponse pouvant amener diff\u00e9rentes \u00e9motions, dont l&rsquo;anxi\u00e9t\u00e9.<\/p><h2><span id=\".C3.89tymologie\"><\/span><span id=\"\u00c9tymologie\" class=\"mw-headline\">\u00c9tymologie<\/span><\/h2><p>Le mot stress en fran\u00e7ais est un emprunt du m\u00eame mot anglais qui est lui-m\u00eame issu de l&rsquo;ancien fran\u00e7ais \u00ab\u00a0<i>destresse<\/i>\u00a0\u00bb qui signifie<b>\u00a0<i>d\u00e9tresse<\/i>.<\/b><\/p><h2><span id=\"Historique\" class=\"mw-headline\">Historique<\/span><\/h2><p>La notion de stress a \u00e9t\u00e9 introduite par l&rsquo;endocrinologue\u00a0<a title=\"Hans Selye\" href=\"https:\/\/fr.wikipedia.org\/wiki\/Hans_Selye\">Hans Selye<\/a>, qui, en se basant sur le concept de\u00a0<a title=\"Contrainte (m\u00e9canique)\" href=\"https:\/\/fr.wikipedia.org\/wiki\/Contrainte_(m%C3%A9canique)\">stress m\u00e9canique<\/a>, publie en 1956\u00a0<i><span class=\"lang-en\" lang=\"en\">The stress of life<\/span><\/i>\u00a0(<i>Le Stress de la vie<\/i>). Observant ses patients, il y d\u00e9crit le m\u00e9canisme du syndrome d&rsquo;adaptation, c&rsquo;est-\u00e0-dire l\u2019ensemble des modifications qui permettent \u00e0 un organisme de supporter les cons\u00e9quences d\u2019un\u00a0<a title=\"Traumatisme (m\u00e9decine)\" href=\"https:\/\/fr.wikipedia.org\/wiki\/Traumatisme_(m%C3%A9decine)\">traumatisme<\/a>\u00a0naturel ou op\u00e9ratoire. Il publie par la suite\u00a0<i><span class=\"lang-en\" lang=\"en\">Stress without distress<\/span><\/i>\u00a0en 1974, (<i>Le Stress sans d\u00e9tresse<\/i>) et son autobiographie\u00a0<i><span class=\"lang-en\" lang=\"en\">The stress of my life<\/span><\/i>\u00a0(1977).<\/p><p>L&rsquo;id\u00e9e du concept de stress et de syndrome g\u00e9n\u00e9ral d&rsquo;adaptation lui est venue en\u00a0<a title=\"1925\" href=\"https:\/\/fr.wikipedia.org\/wiki\/1925\">1925<\/a>\u00a0alors qu&rsquo;il \u00e9tudiait la m\u00e9decine \u00e0 l&rsquo;Universit\u00e9 de\u00a0<a title=\"Prague\" href=\"https:\/\/fr.wikipedia.org\/wiki\/Prague\">Prague<\/a><sup id=\"cite_ref-2\" class=\"reference\"><a href=\"https:\/\/fr.wikipedia.org\/wiki\/Stress#cite_note-2\">2<\/a><\/sup>. Par la suite il a d\u00e9velopp\u00e9 le concept de\u00a0<i>Eustress<\/i>. Ce terme qu&rsquo;il a invent\u00e9 se compose de deux parties. Le pr\u00e9fixe \u00ab\u00a0eu\u00a0\u00bb vient du mot grec qui signifie \u00ab\u00a0bien\u00a0\u00bb ou \u00ab\u00a0bon\u00a0\u00bb. Accol\u00e9 au mot stress, il signifie litt\u00e9ralement \u00ab\u00a0bon stress\u00a0\u00bb. Par la suite, diverses notions ont \u00e9t\u00e9 rajout\u00e9es pour d\u00e9finir, d&rsquo;une part la notion de a-stress, d&rsquo;autre part de dystress<sup id=\"cite_ref-3\" class=\"reference\"><a href=\"https:\/\/fr.wikipedia.org\/wiki\/Stress#cite_note-3\">3<\/a><\/sup>. A-stress est un \u00e9tat privatif de stress (pouvant \u00eatre obtenu notamment par le biais de la m\u00e9ditation) dont les effets b\u00e9n\u00e9fiques pour la sant\u00e9 sont exp\u00e9riment\u00e9s en m\u00e9decine<sup id=\"cite_ref-4\" class=\"reference\"><a href=\"https:\/\/fr.wikipedia.org\/wiki\/Stress#cite_note-4\">4<\/a><\/sup>. Des travaux utilisant cette m\u00e9thode ont \u00e9t\u00e9 publi\u00e9s en 2010 en Su\u00e8de chez des patients\u00a0<a class=\"mw-redirect\" title=\"Canc\u00e9reux\" href=\"https:\/\/fr.wikipedia.org\/wiki\/Canc%C3%A9reux\">canc\u00e9reux<\/a><sup id=\"cite_ref-5\" class=\"reference\"><a href=\"https:\/\/fr.wikipedia.org\/wiki\/Stress#cite_note-5\">5<\/a><\/sup>.<\/p><p>Les travaux de recherche portent sur l&rsquo;<a title=\"Homo sapiens\" href=\"https:\/\/fr.wikipedia.org\/wiki\/Homo_sapiens\">\u00eatre humain<\/a>\u00a0(avec la psychologie, psychiatrie\u2026) ou rel\u00e8vent de l&rsquo;<a title=\"\u00c9thologie\" href=\"https:\/\/fr.wikipedia.org\/wiki\/%C3%89thologie\">\u00e9thologie<\/a>\u00a0en s&rsquo;appuyant sur l&rsquo;\u00e9tude du comportement de diff\u00e9rentes esp\u00e8ces face au stress (dans la nature ou dans les \u00e9levages ou chez l&rsquo;animal domestique), ou sur des exp\u00e9riences de laboratoire bas\u00e9es sur le\u00a0<a title=\"Mod\u00e8le animal\" href=\"https:\/\/fr.wikipedia.org\/wiki\/Mod%C3%A8le_animal\">mod\u00e8le animal<\/a>\u00a0(<a title=\"Rat de laboratoire\" href=\"https:\/\/fr.wikipedia.org\/wiki\/Rat_de_laboratoire\">rat de laboratoire<\/a>\u00a0ou\u00a0<a title=\"Souris de laboratoire\" href=\"https:\/\/fr.wikipedia.org\/wiki\/Souris_de_laboratoire\">souris<\/a>\u00a0le plus souvent\u00a0; expos\u00e9s \u00e0 des d\u00e9charges \u00e9lectriques, un risque de noyade ou lors d&rsquo;une exp\u00e9rience r\u00e9cente \u00e0 de la liti\u00e8re de chat. Les individus sont plus ou moins vuln\u00e9rables \u00e0 un m\u00eame stress, en partie pour des raisons\u00a0<a title=\"G\u00e9n\u00e9tique\" href=\"https:\/\/fr.wikipedia.org\/wiki\/G%C3%A9n%C3%A9tique\">g\u00e9n\u00e9tiques<\/a>. Selon une \u00e9tude r\u00e9cente (publi\u00e9e le\u00a0<time class=\"nowrap\" datetime=\"2014-08-11\" data-sort-value=\"2014-08-11\">11 ao\u00fbt 2014<\/time>), 334\u00a0<abbr class=\"abbr\" title=\"g\u00e8nes\"><a title=\"G\u00e8ne\" href=\"https:\/\/fr.wikipedia.org\/wiki\/G%C3%A8ne\">g\u00e8nes<\/a><\/abbr>\u00a0sont impliqu\u00e9s chez les rats les plus sensibles au\u00a0<a class=\"mw-redirect\" title=\"Stress post-traumatique\" href=\"https:\/\/fr.wikipedia.org\/wiki\/Stress_post-traumatique\">stress post-traumatique<\/a><sup id=\"cite_ref-6\" class=\"reference\"><a href=\"https:\/\/fr.wikipedia.org\/wiki\/Stress#cite_note-6\">6<\/a><\/sup><\/p><h2><span id=\"Chez_l'humain\" class=\"mw-headline\">Chez l&rsquo;humain<\/span><\/h2><div class=\"bandeau-container bandeau-section metadata bandeau-niveau-information\"><div class=\"bandeau-cell bandeau-icone-css loupe\">Article d\u00e9taill\u00e9\u00a0:\u00a0<a title=\"Stress chez l'humain\" href=\"https:\/\/fr.wikipedia.org\/wiki\/Stress_chez_l%27humain\">Stress chez l&rsquo;humain<\/a>.<\/div><\/div><p>Le stress implique trois syst\u00e8mes neuro-hormonaux selon le mod\u00e8le de\u00a0<a title=\"Hans Selye\" href=\"https:\/\/fr.wikipedia.org\/wiki\/Hans_Selye\">Selye<\/a>\u00a0: l&rsquo;axe hypothalamo-sympathico-adr\u00e9nergique, l&rsquo;axe hypothalamo-hypophyso-surr\u00e9nalien (appel\u00e9 aussi syst\u00e8me\u00a0<a title=\"Corticolib\u00e9rine\" href=\"https:\/\/fr.wikipedia.org\/wiki\/Corticolib%C3%A9rine\">CRH<\/a>\u00a0ou axe corticotrope) et le syst\u00e8me nerveux central. Le syndrome g\u00e9n\u00e9ral d&rsquo;adaptation que provoque le stress se divise en trois phases. La premi\u00e8re r\u00e9alise la r\u00e9action d&rsquo;alarme (choc et contre-choc) et implique l&rsquo;axe hypothalamo-sympathico-adr\u00e9nergique, axe rapide qui r\u00e9pond au stresseur (<a title=\"Stimulus\" href=\"https:\/\/fr.wikipedia.org\/wiki\/Stimulus\">stimulus<\/a>\u00a0stressant tel que fuite, attaque, immobilisation, compensation\u2026). La seconde est la phase de r\u00e9sistance, dans laquelle intervient le syst\u00e8me CRH, axe lent, avec lib\u00e9ration de\u00a0<a title=\"Glucocortico\u00efde\" href=\"https:\/\/fr.wikipedia.org\/wiki\/Glucocortico%C3%AFde\">glucocortico\u00efdes<\/a>\u00a0(principalement le\u00a0<a title=\"Cortisol\" href=\"https:\/\/fr.wikipedia.org\/wiki\/Cortisol\">cortisol<\/a>\u00a0chez l\u2019homme). La troisi\u00e8me est la phase d&rsquo;\u00e9puisement qui correspond \u00e0 un \u00e9tat de stress chronique dans lequel les r\u00e9cepteurs du syst\u00e8me nerveux central deviennent moins sensibles aux glucocortico\u00efdes qui submergent l&rsquo;organisme. L&rsquo;hippocampe satur\u00e9 de cortisol ne peut plus assurer la\u00a0<a title=\"R\u00e9gulation\" href=\"https:\/\/fr.wikipedia.org\/wiki\/R%C3%A9gulation\">r\u00e9gulation<\/a>. Le cortisol envahit le cerveau et installe une\u00a0<a title=\"D\u00e9pression (psychiatrie)\" href=\"https:\/\/fr.wikipedia.org\/wiki\/D%C3%A9pression_(psychiatrie)\">d\u00e9pression<\/a>. Les zones alt\u00e9r\u00e9es sont principalement l&rsquo;<a title=\"Hippocampe (cerveau)\" href=\"https:\/\/fr.wikipedia.org\/wiki\/Hippocampe_(cerveau)\">hippocampe<\/a><sup id=\"cite_ref-9\" class=\"reference\"><a href=\"https:\/\/fr.wikipedia.org\/wiki\/Stress#cite_note-9\">9<\/a><\/sup>, l&rsquo;<a title=\"Amygdale (cerveau)\" href=\"https:\/\/fr.wikipedia.org\/wiki\/Amygdale_(cerveau)\">amygdale<\/a>, le\u00a0<a title=\"Cortex cingulaire ant\u00e9rieur\" href=\"https:\/\/fr.wikipedia.org\/wiki\/Cortex_cingulaire_ant%C3%A9rieur\">cortex cingulaire ant\u00e9rieur<\/a>\u00a0et le\u00a0<a title=\"Cortex pr\u00e9frontal\" href=\"https:\/\/fr.wikipedia.org\/wiki\/Cortex_pr%C3%A9frontal\">cortex pr\u00e9frontal<\/a><sup class=\"need_ref_tag\"><a title=\"Aide:R\u00e9f\u00e9rence n\u00e9cessaire\" href=\"https:\/\/fr.wikipedia.org\/wiki\/Aide:R%C3%A9f%C3%A9rence_n%C3%A9cessaire\"><span title=\"Ce passage n\u00e9cessite une r\u00e9f\u00e9rence ; voir l'aide.\">[r\u00e9f.\u00a0n\u00e9cessaire]<\/span><\/a><\/sup><sup id=\"cite_ref-10\" class=\"reference\"><a href=\"https:\/\/fr.wikipedia.org\/wiki\/Stress#cite_note-10\">10<\/a><\/sup>.<\/p><p>Une \u00e9tude de laboratoire r\u00e9cente montre en outre un lien significatif entre le clignement des paupi\u00e8res humain (<a title=\"Nictation\" href=\"https:\/\/fr.wikipedia.org\/wiki\/Nictation\">Nictation<\/a>) et la charge psychique (mentale)<sup id=\"cite_ref-11\" class=\"reference\"><a href=\"https:\/\/fr.wikipedia.org\/wiki\/Stress#cite_note-11\">11<\/a><\/sup><sup class=\"reference cite_virgule\">,<\/sup><sup id=\"cite_ref-12\" class=\"reference\"><a href=\"https:\/\/fr.wikipedia.org\/wiki\/Stress#cite_note-12\">12<\/a><\/sup>.<\/p><p>Ce qui permet en s\u00e9ance d&rsquo;EMDR de faire un travail consid\u00e9rable sur les Traumas.<\/p><p>Le stress a des r\u00e9percussions sur notre sant\u00e9 mentale, physique et psychique.<\/p><p>En effet son action peut \u00eatre b\u00e9n\u00e9fique dans certains cas et nous pousser \u00e0 r\u00e9ussir.\u00a0<\/p><p>Ou au contraire il peut \u00eatre n\u00e9faste et nous d\u00e9stabiliser compl\u00e8tement jusqu\u2019\u00e0 perdre le contr\u00f4le de nous-m\u00eame.<\/p><p>De nos gestes, de nos paroles, de nos comportements, de nos r\u00e9actions ou interpr\u00e9tations des faits.<\/p><p>Les facteurs d\u00e9clencheurs du stress sont nombreux\u00a0: ils peuvent \u00eatre physiques ou environnementaux (traumatismes, interventions chirurgicales, travail important), physiologiques (douleurs, manque de sommeil, d\u00e9s\u00e9quilibres des rythmes alimentaires), psychiques (\u00e9motions n\u00e9gatives). De plus un stress chronique peut \u00eatre \u00e0 l\u2019origine de maladies graves ou addictives tel que le cancer, la drogue, ou l\u2019alcool.<\/p><p><span class=\"need_ref\" title=\"Ce passage n\u00e9cessite une r\u00e9f\u00e9rence.\">Des m\u00e9thodes non m\u00e9dicamenteuses sont propos\u00e9es pour limiter les effets du stress.<\/span><\/p><p><span class=\"need_ref\" title=\"Ce passage n\u00e9cessite une r\u00e9f\u00e9rence.\">Parmi ces m\u00e9thodes on peut citer la relaxation corporelle telle que<\/span><\/p><p><span class=\"need_ref\" title=\"Ce passage n\u00e9cessite une r\u00e9f\u00e9rence.\">* la\u00a0<a title=\"Sophrologie\" href=\"https:\/\/fr.wikipedia.org\/wiki\/Sophrologie\">sophrologie<\/a>,\u00a0<\/span><\/p><p><span class=\"need_ref\" title=\"Ce passage n\u00e9cessite une r\u00e9f\u00e9rence.\">* la relaxation mentale (gr\u00e2ce \u00e0 la\u00a0<a title=\"M\u00e9ditation\" href=\"https:\/\/fr.wikipedia.org\/wiki\/M%C3%A9ditation\">m\u00e9ditation<\/a> notamment), comme le yoga aussi, la marche, le sport.<\/span><\/p><p><span class=\"need_ref\" title=\"Ce passage n\u00e9cessite une r\u00e9f\u00e9rence.\">* La coh\u00e9rence cardiaque &#8230; travailler sur sa respiration est aussi un \u00e9l\u00e9ment d\u00e9terminant<\/span><\/p><p><span class=\"need_ref\" title=\"Ce passage n\u00e9cessite une r\u00e9f\u00e9rence.\">la consultation de professionnel voire le recours \u00e0 l\u2019aromath\u00e9rapie (huiles essentielles) peut aider aussi en ce sens, tout comme la musicoth\u00e9rapie,\u00a0<\/span><\/p>\t\t\t\t\t\t\t\t<\/div>\n\t\t\t\t<\/div>\n\t\t\t\t\t<\/div>\n\t\t<\/div>\n\t\t\t\t\t<\/div>\n\t\t<\/section>\n\t\t\t\t<section class=\"elementor-section elementor-top-section elementor-element elementor-element-e31884b elementor-section-boxed elementor-section-height-default elementor-section-height-default\" data-id=\"e31884b\" data-element_type=\"section\" data-e-type=\"section\">\n\t\t\t\t\t\t<div class=\"elementor-container elementor-column-gap-default\">\n\t\t\t\t\t<div class=\"elementor-column elementor-col-100 elementor-top-column elementor-element elementor-element-db127d2\" data-id=\"db127d2\" data-element_type=\"column\" data-e-type=\"column\">\n\t\t\t<div class=\"elementor-widget-wrap elementor-element-populated\">\n\t\t\t\t\t\t<div class=\"elementor-element elementor-element-1e97b08 elementor-widget elementor-widget-video\" data-id=\"1e97b08\" data-element_type=\"widget\" data-e-type=\"widget\" data-settings=\"{&quot;youtube_url&quot;:&quot;https:\\\/\\\/youtu.be\\\/MzvF3OVWgZM?si=3yf3AVzK9vrvg8xF&quot;,&quot;video_type&quot;:&quot;youtube&quot;,&quot;controls&quot;:&quot;yes&quot;}\" data-widget_type=\"video.default\">\n\t\t\t\t<div class=\"elementor-widget-container\">\n\t\t\t\t\t\t\t<div class=\"elementor-wrapper elementor-open-inline\">\n\t\t\t<div class=\"elementor-video\"><\/div>\t\t<\/div>\n\t\t\t\t\t\t<\/div>\n\t\t\t\t<\/div>\n\t\t\t\t\t<\/div>\n\t\t<\/div>\n\t\t\t\t\t<\/div>\n\t\t<\/section>\n\t\t\t\t<\/div>\n\t\t","protected":false},"excerpt":{"rendered":"<p>Avant de rentrer dans les grandes d\u00e9finitions que vous pourrez lire en dessous,&nbsp; Ici chez Alexis de Garibaldi nous avons quelques outils, en coaching ou en bien \u00eatre, pour vous accompagner dans la gestion et la maitrise votre Stress. Le rendre plus confortable \u00e0 vivre, faire baisser son curseur, voir m\u00eame le faire dispara\u00eetre totalement <a class=\"read-more\" href=\"https:\/\/www.alexisdegaribaldi.com\/index.php\/coach-therapies-breves-coaching\/coaching-4\/stress-apprendre-a-le-doser\/\">READ MORE<\/a><\/p>\n","protected":false},"author":1,"featured_media":3095,"parent":366,"menu_order":0,"comment_status":"closed","ping_status":"closed","template":"","meta":{"_eb_attr":"","om_disable_all_campaigns":false,"_monsterinsights_skip_tracking":false,"_monsterinsights_sitenote_active":false,"_monsterinsights_sitenote_note":"","_monsterinsights_sitenote_category":0,"footnotes":""},"class_list":["post-3026","page","type-page","status-publish","has-post-thumbnail","hentry"],"aioseo_notices":[],"jetpack_sharing_enabled":true,"_links":{"self":[{"href":"https:\/\/www.alexisdegaribaldi.com\/index.php\/wp-json\/wp\/v2\/pages\/3026","targetHints":{"allow":["GET"]}}],"collection":[{"href":"https:\/\/www.alexisdegaribaldi.com\/index.php\/wp-json\/wp\/v2\/pages"}],"about":[{"href":"https:\/\/www.alexisdegaribaldi.com\/index.php\/wp-json\/wp\/v2\/types\/page"}],"author":[{"embeddable":true,"href":"https:\/\/www.alexisdegaribaldi.com\/index.php\/wp-json\/wp\/v2\/users\/1"}],"replies":[{"embeddable":true,"href":"https:\/\/www.alexisdegaribaldi.com\/index.php\/wp-json\/wp\/v2\/comments?post=3026"}],"version-history":[{"count":35,"href":"https:\/\/www.alexisdegaribaldi.com\/index.php\/wp-json\/wp\/v2\/pages\/3026\/revisions"}],"predecessor-version":[{"id":6790,"href":"https:\/\/www.alexisdegaribaldi.com\/index.php\/wp-json\/wp\/v2\/pages\/3026\/revisions\/6790"}],"up":[{"embeddable":true,"href":"https:\/\/www.alexisdegaribaldi.com\/index.php\/wp-json\/wp\/v2\/pages\/366"}],"wp:featuredmedia":[{"embeddable":true,"href":"https:\/\/www.alexisdegaribaldi.com\/index.php\/wp-json\/wp\/v2\/media\/3095"}],"wp:attachment":[{"href":"https:\/\/www.alexisdegaribaldi.com\/index.php\/wp-json\/wp\/v2\/media?parent=3026"}],"curies":[{"name":"wp","href":"https:\/\/api.w.org\/{rel}","templated":true}]}}