{"id":380,"date":"2022-08-27T23:38:29","date_gmt":"2022-08-27T21:38:29","guid":{"rendered":"https:\/\/www.alexisdegaribaldi.com\/?page_id=380"},"modified":"2025-05-27T16:44:55","modified_gmt":"2025-05-27T14:44:55","slug":"https-www-alexisdegaribaldi-com-index-php-bien-etre-toulouse-reflexologie","status":"publish","type":"page","link":"https:\/\/www.alexisdegaribaldi.com\/index.php\/bien-etre-nos-outils-therapies-breves-toulouse\/https-www-alexisdegaribaldi-com-index-php-bien-etre-toulouse-reflexologie\/","title":{"rendered":"R\u00e9flexologie The Best of Secrets"},"content":{"rendered":"\t\t<div data-elementor-type=\"wp-page\" data-elementor-id=\"380\" class=\"elementor elementor-380\">\n\t\t\t\t<div class=\"elementor-element elementor-element-2205d6f e-flex e-con-boxed e-con e-parent\" data-id=\"2205d6f\" data-element_type=\"container\" data-e-type=\"container\">\n\t\t\t\t\t<div class=\"e-con-inner\">\n\t\t\t\t<div class=\"elementor-element elementor-element-36169e1 elementor-widget elementor-widget-heading\" data-id=\"36169e1\" data-element_type=\"widget\" data-e-type=\"widget\" data-widget_type=\"heading.default\">\n\t\t\t\t<div class=\"elementor-widget-container\">\n\t\t\t\t\t<h1 class=\"elementor-heading-title elementor-size-default\">R\u00e9flexologie les Meilleurs Secrets<\/h1>\t\t\t\t<\/div>\n\t\t\t\t<\/div>\n\t\t\t\t\t<\/div>\n\t\t\t\t<\/div>\n\t\t<div class=\"elementor-element elementor-element-db61d48 e-flex e-con-boxed e-con e-parent\" data-id=\"db61d48\" data-element_type=\"container\" data-e-type=\"container\">\n\t\t\t\t\t<div class=\"e-con-inner\">\n\t\t\t\t<div class=\"elementor-element elementor-element-e11f66b elementor-widget elementor-widget-text-editor\" data-id=\"e11f66b\" data-element_type=\"widget\" data-e-type=\"widget\" data-widget_type=\"text-editor.default\">\n\t\t\t\t<div class=\"elementor-widget-container\">\n\t\t\t\t\t\t\t\t\t<p>Qu &lsquo;est ce que la R\u00e9flexologie ? A quoi sert elle ? Combien de temps dure une s\u00e9ance ?<\/p><p>Pr\u00e9cautions \u00e0 prendre<\/p><p>Elle est une \u00e9l\u00e9ment essentiel en bien \u00eatre et pourtant si souvent n\u00e9glig\u00e9e<\/p><p>Et pourtant vos pieds vous portent toute votre vie&#8230;<\/p><p>Et vos mains ne cessent d&rsquo;\u00eatre d&rsquo;un grand soutient dans votre quotidien, et pourtant, trop souvent vous n&rsquo;en prenez pas soin.<\/p>\t\t\t\t\t\t\t\t<\/div>\n\t\t\t\t<\/div>\n\t\t\t\t\t<\/div>\n\t\t\t\t<\/div>\n\t\t\t\t<section class=\"elementor-section elementor-top-section elementor-element elementor-element-6f3394f elementor-section-boxed elementor-section-height-default elementor-section-height-default\" data-id=\"6f3394f\" data-element_type=\"section\" data-e-type=\"section\">\n\t\t\t\t\t\t<div class=\"elementor-container elementor-column-gap-default\">\n\t\t\t\t\t<div class=\"elementor-column elementor-col-100 elementor-top-column elementor-element elementor-element-d72699f\" data-id=\"d72699f\" data-element_type=\"column\" data-e-type=\"column\">\n\t\t\t<div class=\"elementor-widget-wrap elementor-element-populated\">\n\t\t\t\t\t\t<div class=\"elementor-element elementor-element-08d7803 elementor-align-center elementor-invisible elementor-widget elementor-widget-button\" data-id=\"08d7803\" data-element_type=\"widget\" data-e-type=\"widget\" data-settings=\"{&quot;_animation&quot;:&quot;shake&quot;}\" data-widget_type=\"button.default\">\n\t\t\t\t<div class=\"elementor-widget-container\">\n\t\t\t\t\t\t\t\t\t<div class=\"elementor-button-wrapper\">\n\t\t\t\t\t<a class=\"elementor-button elementor-button-link elementor-size-sm\" href=\"tel:+33645315702\">\n\t\t\t\t\t\t<span class=\"elementor-button-content-wrapper\">\n\t\t\t\t\t\t<span class=\"elementor-button-icon\">\n\t\t\t\t<svg aria-hidden=\"true\" class=\"e-font-icon-svg e-fas-phone-alt\" viewBox=\"0 0 512 512\" xmlns=\"http:\/\/www.w3.org\/2000\/svg\"><path d=\"M497.39 361.8l-112-48a24 24 0 0 0-28 6.9l-49.6 60.6A370.66 370.66 0 0 1 130.6 204.11l60.6-49.6a23.94 23.94 0 0 0 6.9-28l-48-112A24.16 24.16 0 0 0 122.6.61l-104 24A24 24 0 0 0 0 48c0 256.5 207.9 464 464 464a24 24 0 0 0 23.4-18.6l24-104a24.29 24.29 0 0 0-14.01-27.6z\"><\/path><\/svg>\t\t\t<\/span>\n\t\t\t\t\t\t\t\t\t<span class=\"elementor-button-text\">Nous t\u00e9l\u00e9phoner Maintenant<\/span>\n\t\t\t\t\t<\/span>\n\t\t\t\t\t<\/a>\n\t\t\t\t<\/div>\n\t\t\t\t\t\t\t\t<\/div>\n\t\t\t\t<\/div>\n\t\t\t\t\t<\/div>\n\t\t<\/div>\n\t\t\t\t\t<\/div>\n\t\t<\/section>\n\t\t<div class=\"elementor-element elementor-element-db9097e e-flex e-con-boxed e-con e-parent\" data-id=\"db9097e\" data-element_type=\"container\" data-e-type=\"container\">\n\t\t\t\t\t<div class=\"e-con-inner\">\n\t\t\t\t<div class=\"elementor-element elementor-element-6d27e7e elementor-widget elementor-widget-heading\" data-id=\"6d27e7e\" data-element_type=\"widget\" data-e-type=\"widget\" data-widget_type=\"heading.default\">\n\t\t\t\t<div class=\"elementor-widget-container\">\n\t\t\t\t\t<h2 class=\"elementor-heading-title elementor-size-default\">Se rencontrer et Agir<\/h2>\t\t\t\t<\/div>\n\t\t\t\t<\/div>\n\t\t\t\t\t<\/div>\n\t\t\t\t<\/div>\n\t\t\t\t<section class=\"elementor-section elementor-top-section elementor-element elementor-element-92ac3ed elementor-section-boxed elementor-section-height-default elementor-section-height-default\" data-id=\"92ac3ed\" data-element_type=\"section\" data-e-type=\"section\">\n\t\t\t\t\t\t<div class=\"elementor-container elementor-column-gap-default\">\n\t\t\t\t\t<div class=\"elementor-column elementor-col-100 elementor-top-column elementor-element elementor-element-42cf3a3\" data-id=\"42cf3a3\" data-element_type=\"column\" data-e-type=\"column\">\n\t\t\t<div class=\"elementor-widget-wrap elementor-element-populated\">\n\t\t\t\t\t\t<div class=\"elementor-element elementor-element-6e41d33 elementor-align-center elementor-button-info elementor-widget elementor-widget-button\" data-id=\"6e41d33\" data-element_type=\"widget\" data-e-type=\"widget\" data-widget_type=\"button.default\">\n\t\t\t\t<div class=\"elementor-widget-container\">\n\t\t\t\t\t\t\t\t\t<div class=\"elementor-button-wrapper\">\n\t\t\t\t\t<a class=\"elementor-button elementor-button-link elementor-size-sm\" href=\"https:\/\/www.alexisdegaribaldi.com\/index.php\/poser-the-best-of-rdv\/\">\n\t\t\t\t\t\t<span class=\"elementor-button-content-wrapper\">\n\t\t\t\t\t\t\t\t\t<span class=\"elementor-button-text\">Prendre RDV avec notre th\u00e9rapeute<\/span>\n\t\t\t\t\t<\/span>\n\t\t\t\t\t<\/a>\n\t\t\t\t<\/div>\n\t\t\t\t\t\t\t\t<\/div>\n\t\t\t\t<\/div>\n\t\t\t\t\t<\/div>\n\t\t<\/div>\n\t\t\t\t\t<\/div>\n\t\t<\/section>\n\t\t\t\t<section class=\"elementor-section elementor-top-section elementor-element elementor-element-68158f6 elementor-section-boxed elementor-section-height-default elementor-section-height-default\" data-id=\"68158f6\" data-element_type=\"section\" data-e-type=\"section\">\n\t\t\t\t\t\t<div class=\"elementor-container elementor-column-gap-default\">\n\t\t\t\t\t<div class=\"elementor-column elementor-col-100 elementor-top-column elementor-element elementor-element-07b76c3\" data-id=\"07b76c3\" data-element_type=\"column\" data-e-type=\"column\">\n\t\t\t<div class=\"elementor-widget-wrap elementor-element-populated\">\n\t\t\t\t\t\t<div class=\"elementor-element elementor-element-9daefab elementor-widget elementor-widget-text-editor\" data-id=\"9daefab\" data-element_type=\"widget\" data-e-type=\"widget\" data-widget_type=\"text-editor.default\">\n\t\t\t\t<div class=\"elementor-widget-container\">\n\t\t\t\t\t\t\t\t\t<p>Elle est un incontournable dans la dissipation des tensions musculaires et\/ou nerveuses.<\/p><p>Elle agit indirectement sur les organes du corps apr\u00e8s simple pression ou tapping.<\/p><p>Elle consiste \u00e0 d\u00e9marrer d&rsquo;un massage l\u00e9ger vers un massage plus en profondeur selon vos sympt\u00f4mes.<\/p><p>Elle peut s&rsquo;effectuer en palmaire ( mains ) ou en plantaire ( pieds )\u00a0<\/p><p>Elle sera tr\u00e8s souvent chez nous combin\u00e9e avec une partie du corps en compl\u00e9ment d&rsquo;un soin bien \u00eatre<\/p><p>De l&rsquo;huile essentielle peut \u00eatre utilis\u00e9 dans l&rsquo;huile de massage, \u00e0 faible dosage, et selon vos convenances\u00a0<\/p><p>Une s\u00e9ance de massage soin bien \u00eatre dure entre 45 minutes et 1\u00a0 heure.<\/p><p>Non pratiqu\u00e9 chez nous sur les femmes enceinte,\u00a0<\/p><p>Non pratiqu\u00e9 chez des personnes ayant des probl\u00e8mes s\u00e9rieux de circulation,\u00a0<\/p><p>Non pratiqu\u00e9 au moment des menstruations chez la femme,\u00a0<\/p><p>Non pratiqu\u00e9 chez les personnes cardiaque ou r\u00e9cemment op\u00e9r\u00e9 du coeur<\/p><p>Non pratiqu\u00e9 chez les personnes atteintes d&rsquo;inflammations.<\/p><p>Le rendez-vous est sans ordonnance m\u00e9dicale et ne saurez se substituer \u00e0 tout traitement m\u00e9dicalis\u00e9 en cours.<\/p><p>Ce soin appartient au bien \u00eatre.<\/p>\t\t\t\t\t\t\t\t<\/div>\n\t\t\t\t<\/div>\n\t\t\t\t\t<\/div>\n\t\t<\/div>\n\t\t\t\t\t<\/div>\n\t\t<\/section>\n\t\t\t\t<section class=\"elementor-section elementor-top-section elementor-element elementor-element-7479cc4 elementor-section-boxed elementor-section-height-default elementor-section-height-default\" data-id=\"7479cc4\" data-element_type=\"section\" data-e-type=\"section\">\n\t\t\t\t\t\t<div class=\"elementor-container elementor-column-gap-default\">\n\t\t\t\t\t<div class=\"elementor-column elementor-col-50 elementor-top-column elementor-element elementor-element-2d367cc\" data-id=\"2d367cc\" data-element_type=\"column\" data-e-type=\"column\">\n\t\t\t<div class=\"elementor-widget-wrap elementor-element-populated\">\n\t\t\t\t\t\t<div class=\"elementor-element elementor-element-9ee43a6 elementor-widget elementor-widget-image\" data-id=\"9ee43a6\" data-element_type=\"widget\" data-e-type=\"widget\" data-widget_type=\"image.default\">\n\t\t\t\t<div class=\"elementor-widget-container\">\n\t\t\t\t\t\t\t\t\t\t\t\t\t\t\t<img fetchpriority=\"high\" decoding=\"async\" width=\"640\" height=\"423\" src=\"https:\/\/i0.wp.com\/www.alexisdegaribaldi.com\/wp-content\/uploads\/2022\/09\/carte-main-reflexologie.jpg?fit=640%2C423&amp;ssl=1\" class=\"attachment-large size-large wp-image-1304\" alt=\"\" srcset=\"https:\/\/i0.wp.com\/www.alexisdegaribaldi.com\/wp-content\/uploads\/2022\/09\/carte-main-reflexologie.jpg?w=640&amp;ssl=1 640w, https:\/\/i0.wp.com\/www.alexisdegaribaldi.com\/wp-content\/uploads\/2022\/09\/carte-main-reflexologie.jpg?resize=300%2C198&amp;ssl=1 300w, https:\/\/i0.wp.com\/www.alexisdegaribaldi.com\/wp-content\/uploads\/2022\/09\/carte-main-reflexologie.jpg?resize=600%2C397&amp;ssl=1 600w\" sizes=\"(max-width: 640px) 100vw, 640px\" \/>\t\t\t\t\t\t\t\t\t\t\t\t\t\t\t<\/div>\n\t\t\t\t<\/div>\n\t\t\t\t\t<\/div>\n\t\t<\/div>\n\t\t\t\t<div class=\"elementor-column elementor-col-50 elementor-top-column elementor-element elementor-element-68ba778\" data-id=\"68ba778\" data-element_type=\"column\" data-e-type=\"column\">\n\t\t\t<div class=\"elementor-widget-wrap elementor-element-populated\">\n\t\t\t\t\t\t<div class=\"elementor-element elementor-element-46e740c elementor-widget elementor-widget-image\" data-id=\"46e740c\" data-element_type=\"widget\" data-e-type=\"widget\" data-widget_type=\"image.default\">\n\t\t\t\t<div class=\"elementor-widget-container\">\n\t\t\t\t\t\t\t\t\t\t\t\t\t\t\t<img decoding=\"async\" width=\"300\" height=\"426\" src=\"https:\/\/i0.wp.com\/www.alexisdegaribaldi.com\/wp-content\/uploads\/2022\/09\/reflexo-2-mains.jpg?fit=300%2C426&amp;ssl=1\" class=\"attachment-large size-large wp-image-1305\" alt=\"\" srcset=\"https:\/\/i0.wp.com\/www.alexisdegaribaldi.com\/wp-content\/uploads\/2022\/09\/reflexo-2-mains.jpg?w=300&amp;ssl=1 300w, https:\/\/i0.wp.com\/www.alexisdegaribaldi.com\/wp-content\/uploads\/2022\/09\/reflexo-2-mains.jpg?resize=211%2C300&amp;ssl=1 211w\" sizes=\"(max-width: 300px) 100vw, 300px\" \/>\t\t\t\t\t\t\t\t\t\t\t\t\t\t\t<\/div>\n\t\t\t\t<\/div>\n\t\t\t\t\t<\/div>\n\t\t<\/div>\n\t\t\t\t\t<\/div>\n\t\t<\/section>\n\t\t\t\t<section class=\"elementor-section elementor-top-section elementor-element elementor-element-3123f39 elementor-section-boxed elementor-section-height-default elementor-section-height-default\" data-id=\"3123f39\" data-element_type=\"section\" data-e-type=\"section\">\n\t\t\t\t\t\t<div class=\"elementor-container elementor-column-gap-default\">\n\t\t\t\t\t<div class=\"elementor-column elementor-col-50 elementor-top-column elementor-element elementor-element-6111f22\" data-id=\"6111f22\" data-element_type=\"column\" data-e-type=\"column\">\n\t\t\t<div class=\"elementor-widget-wrap elementor-element-populated\">\n\t\t\t\t\t\t<div class=\"elementor-element elementor-element-b42f759 elementor-widget elementor-widget-image\" data-id=\"b42f759\" data-element_type=\"widget\" data-e-type=\"widget\" data-widget_type=\"image.default\">\n\t\t\t\t<div class=\"elementor-widget-container\">\n\t\t\t\t\t\t\t\t\t\t\t\t\t\t\t<img decoding=\"async\" width=\"245\" height=\"206\" src=\"https:\/\/i0.wp.com\/www.alexisdegaribaldi.com\/wp-content\/uploads\/2022\/09\/reflexo-2-plantaire.jpg?fit=245%2C206&amp;ssl=1\" class=\"attachment-large size-large wp-image-1306\" alt=\"\" \/>\t\t\t\t\t\t\t\t\t\t\t\t\t\t\t<\/div>\n\t\t\t\t<\/div>\n\t\t\t\t\t<\/div>\n\t\t<\/div>\n\t\t\t\t<div class=\"elementor-column elementor-col-50 elementor-top-column elementor-element elementor-element-a9f217c\" data-id=\"a9f217c\" data-element_type=\"column\" data-e-type=\"column\">\n\t\t\t<div class=\"elementor-widget-wrap elementor-element-populated\">\n\t\t\t\t\t\t<div class=\"elementor-element elementor-element-aa60cd6 elementor-widget elementor-widget-image\" data-id=\"aa60cd6\" data-element_type=\"widget\" data-e-type=\"widget\" data-widget_type=\"image.default\">\n\t\t\t\t<div class=\"elementor-widget-container\">\n\t\t\t\t\t\t\t\t\t\t\t\t\t\t\t<img loading=\"lazy\" decoding=\"async\" width=\"768\" height=\"464\" src=\"https:\/\/i0.wp.com\/www.alexisdegaribaldi.com\/wp-content\/uploads\/2022\/09\/Carte-re%CC%81flexologie-plantaire.jpg?fit=768%2C464&amp;ssl=1\" class=\"attachment-large size-large wp-image-1303\" alt=\"refloxologie\" \/>\t\t\t\t\t\t\t\t\t\t\t\t\t\t\t<\/div>\n\t\t\t\t<\/div>\n\t\t\t\t\t<\/div>\n\t\t<\/div>\n\t\t\t\t\t<\/div>\n\t\t<\/section>\n\t\t\t\t<\/div>\n\t\t","protected":false},"excerpt":{"rendered":"<p>R\u00e9flexologie les Meilleurs Secrets Qu &lsquo;est ce que la R\u00e9flexologie ? A quoi sert elle ? Combien de temps dure une s\u00e9ance ? Pr\u00e9cautions \u00e0 prendre Elle est une \u00e9l\u00e9ment essentiel en bien \u00eatre et pourtant si souvent n\u00e9glig\u00e9e Et pourtant vos pieds vous portent toute votre vie&#8230; Et vos mains ne cessent d&rsquo;\u00eatre d&rsquo;un <a class=\"read-more\" href=\"https:\/\/www.alexisdegaribaldi.com\/index.php\/bien-etre-nos-outils-therapies-breves-toulouse\/https-www-alexisdegaribaldi-com-index-php-bien-etre-toulouse-reflexologie\/\">READ MORE<\/a><\/p>\n","protected":false},"author":1,"featured_media":1727,"parent":521,"menu_order":0,"comment_status":"closed","ping_status":"closed","template":"","meta":{"_eb_attr":"","om_disable_all_campaigns":false,"_monsterinsights_skip_tracking":false,"_monsterinsights_sitenote_active":false,"_monsterinsights_sitenote_note":"","_monsterinsights_sitenote_category":0,"footnotes":""},"class_list":["post-380","page","type-page","status-publish","has-post-thumbnail","hentry"],"aioseo_notices":[],"jetpack_sharing_enabled":true,"_links":{"self":[{"href":"https:\/\/www.alexisdegaribaldi.com\/index.php\/wp-json\/wp\/v2\/pages\/380","targetHints":{"allow":["GET"]}}],"collection":[{"href":"https:\/\/www.alexisdegaribaldi.com\/index.php\/wp-json\/wp\/v2\/pages"}],"about":[{"href":"https:\/\/www.alexisdegaribaldi.com\/index.php\/wp-json\/wp\/v2\/types\/page"}],"author":[{"embeddable":true,"href":"https:\/\/www.alexisdegaribaldi.com\/index.php\/wp-json\/wp\/v2\/users\/1"}],"replies":[{"embeddable":true,"href":"https:\/\/www.alexisdegaribaldi.com\/index.php\/wp-json\/wp\/v2\/comments?post=380"}],"version-history":[{"count":40,"href":"https:\/\/www.alexisdegaribaldi.com\/index.php\/wp-json\/wp\/v2\/pages\/380\/revisions"}],"predecessor-version":[{"id":6732,"href":"https:\/\/www.alexisdegaribaldi.com\/index.php\/wp-json\/wp\/v2\/pages\/380\/revisions\/6732"}],"up":[{"embeddable":true,"href":"https:\/\/www.alexisdegaribaldi.com\/index.php\/wp-json\/wp\/v2\/pages\/521"}],"wp:featuredmedia":[{"embeddable":true,"href":"https:\/\/www.alexisdegaribaldi.com\/index.php\/wp-json\/wp\/v2\/media\/1727"}],"wp:attachment":[{"href":"https:\/\/www.alexisdegaribaldi.com\/index.php\/wp-json\/wp\/v2\/media?parent=380"}],"curies":[{"name":"wp","href":"https:\/\/api.w.org\/{rel}","templated":true}]}}