{"id":390,"date":"2022-08-27T23:41:46","date_gmt":"2022-08-27T21:41:46","guid":{"rendered":"https:\/\/www.alexisdegaribaldi.com\/?page_id=390"},"modified":"2025-06-06T19:13:29","modified_gmt":"2025-06-06T17:13:29","slug":"coaching-detre","status":"publish","type":"page","link":"https:\/\/www.alexisdegaribaldi.com\/index.php\/coach-therapies-breves-coaching\/coaching-detre\/","title":{"rendered":"Coaching d&rsquo;Etre The Best Secrets Of"},"content":{"rendered":"\t\t<div data-elementor-type=\"wp-page\" data-elementor-id=\"390\" class=\"elementor elementor-390\">\n\t\t\t\t<div class=\"elementor-element elementor-element-cb7c0f6 e-flex e-con-boxed e-con e-parent\" data-id=\"cb7c0f6\" data-element_type=\"container\" data-e-type=\"container\">\n\t\t\t\t\t<div class=\"e-con-inner\">\n\t\t\t\t<div class=\"elementor-element elementor-element-de1fba1 elementor-widget elementor-widget-heading\" data-id=\"de1fba1\" data-element_type=\"widget\" data-e-type=\"widget\" data-widget_type=\"heading.default\">\n\t\t\t\t<div class=\"elementor-widget-container\">\n\t\t\t\t\t<h2 class=\"elementor-heading-title elementor-size-default\">Coaching d'Etre Les meilleurs Secrets<\/h2>\t\t\t\t<\/div>\n\t\t\t\t<\/div>\n\t\t\t\t\t<\/div>\n\t\t\t\t<\/div>\n\t\t<div class=\"elementor-element elementor-element-6e31cc5 e-flex e-con-boxed e-con e-parent\" data-id=\"6e31cc5\" data-element_type=\"container\" data-e-type=\"container\">\n\t\t\t\t\t<div class=\"e-con-inner\">\n\t\t\t\t<div class=\"elementor-element elementor-element-2db72df elementor-widget elementor-widget-text-editor\" data-id=\"2db72df\" data-element_type=\"widget\" data-e-type=\"widget\" data-widget_type=\"text-editor.default\">\n\t\t\t\t<div class=\"elementor-widget-container\">\n\t\t\t\t\t\t\t\t\t<p>Le <b>Coaching d&rsquo;Etre poss\u00e8de plusieurs niveaux<\/b> qui entre en interrelation<\/p><p>Ces niveaux sont :<\/p><p>&#8211; <b>Sens<\/b> : c&rsquo;est \u00e0 dire ce \u00e0 quoi vous faites partie, vos <b>Vision<\/b> et vos <b>Ambitions<\/b><\/p><p>&#8211; <b>Identit\u00e9<\/b> : Qui je suis en l&rsquo;occurence qui vous \u00eates vous, avec votre <b>Mission<\/b> et votre <b>R\u00f4le<\/b><\/p><p>&#8211; <b>Croyances \/ Valeurs<\/b> : Tout votre pourquoi &#8230; Avec vos <b>Motivations<\/b> et vos <b>Permissions<\/b><\/p><p>Si vous voulez en connaitre plus et faire bouger en vous ce qui effectivement vous bloque et\/ou vous maintien dans une situation que vous d\u00e9sirez faire avancez&#8230;<\/p><p><b>Cliquez en dessous, nous sommes \u00e0 votre \u00e9coute, pour vous proposer les solutions qu<\/b>e vous attendiez<\/p>\t\t\t\t\t\t\t\t<\/div>\n\t\t\t\t<\/div>\n\t\t\t\t\t<\/div>\n\t\t\t\t<\/div>\n\t\t<div class=\"elementor-element elementor-element-69e1d15 e-flex e-con-boxed e-con e-parent\" data-id=\"69e1d15\" data-element_type=\"container\" data-e-type=\"container\">\n\t\t\t\t\t<div class=\"e-con-inner\">\n\t\t\t\t<div class=\"elementor-element elementor-element-e50f2c5 elementor-widget elementor-widget-heading\" data-id=\"e50f2c5\" data-element_type=\"widget\" data-e-type=\"widget\" data-widget_type=\"heading.default\">\n\t\t\t\t<div class=\"elementor-widget-container\">\n\t\t\t\t\t<h4 class=\"elementor-heading-title elementor-size-default\">Nous contacter<\/h4>\t\t\t\t<\/div>\n\t\t\t\t<\/div>\n\t\t\t\t\t<\/div>\n\t\t\t\t<\/div>\n\t\t\t\t<section class=\"elementor-section elementor-top-section elementor-element elementor-element-b2a3885 elementor-section-boxed elementor-section-height-default elementor-section-height-default\" data-id=\"b2a3885\" data-element_type=\"section\" data-e-type=\"section\">\n\t\t\t\t\t\t<div class=\"elementor-container elementor-column-gap-default\">\n\t\t\t\t\t<div class=\"elementor-column elementor-col-100 elementor-top-column elementor-element elementor-element-4426b02\" data-id=\"4426b02\" data-element_type=\"column\" data-e-type=\"column\">\n\t\t\t<div class=\"elementor-widget-wrap elementor-element-populated\">\n\t\t\t\t\t\t<div class=\"elementor-element elementor-element-d26bedc elementor-align-center elementor-invisible elementor-widget elementor-widget-button\" data-id=\"d26bedc\" data-element_type=\"widget\" data-e-type=\"widget\" data-settings=\"{&quot;_animation&quot;:&quot;shake&quot;}\" data-widget_type=\"button.default\">\n\t\t\t\t<div class=\"elementor-widget-container\">\n\t\t\t\t\t\t\t\t\t<div class=\"elementor-button-wrapper\">\n\t\t\t\t\t<a class=\"elementor-button elementor-button-link elementor-size-sm\" href=\"tel:+33645315702\">\n\t\t\t\t\t\t<span class=\"elementor-button-content-wrapper\">\n\t\t\t\t\t\t<span class=\"elementor-button-icon\">\n\t\t\t\t<svg aria-hidden=\"true\" class=\"e-font-icon-svg e-fas-phone-alt\" viewBox=\"0 0 512 512\" xmlns=\"http:\/\/www.w3.org\/2000\/svg\"><path d=\"M497.39 361.8l-112-48a24 24 0 0 0-28 6.9l-49.6 60.6A370.66 370.66 0 0 1 130.6 204.11l60.6-49.6a23.94 23.94 0 0 0 6.9-28l-48-112A24.16 24.16 0 0 0 122.6.61l-104 24A24 24 0 0 0 0 48c0 256.5 207.9 464 464 464a24 24 0 0 0 23.4-18.6l24-104a24.29 24.29 0 0 0-14.01-27.6z\"><\/path><\/svg>\t\t\t<\/span>\n\t\t\t\t\t\t\t\t\t<span class=\"elementor-button-text\">Nous t\u00e9l\u00e9phoner Maintenant<\/span>\n\t\t\t\t\t<\/span>\n\t\t\t\t\t<\/a>\n\t\t\t\t<\/div>\n\t\t\t\t\t\t\t\t<\/div>\n\t\t\t\t<\/div>\n\t\t\t\t\t<\/div>\n\t\t<\/div>\n\t\t\t\t\t<\/div>\n\t\t<\/section>\n\t\t<div class=\"elementor-element elementor-element-4df639c e-flex e-con-boxed e-con e-parent\" data-id=\"4df639c\" data-element_type=\"container\" data-e-type=\"container\">\n\t\t\t\t\t<div class=\"e-con-inner\">\n\t\t\t\t<div class=\"elementor-element elementor-element-dcdf365 elementor-widget elementor-widget-heading\" data-id=\"dcdf365\" data-element_type=\"widget\" data-e-type=\"widget\" data-widget_type=\"heading.default\">\n\t\t\t\t<div class=\"elementor-widget-container\">\n\t\t\t\t\t<h3 class=\"elementor-heading-title elementor-size-default\">Prendre Rendez Vous avec nous<\/h3>\t\t\t\t<\/div>\n\t\t\t\t<\/div>\n\t\t\t\t\t<\/div>\n\t\t\t\t<\/div>\n\t\t\t\t<section class=\"elementor-section elementor-top-section elementor-element elementor-element-63f2b7d elementor-section-boxed elementor-section-height-default elementor-section-height-default\" data-id=\"63f2b7d\" data-element_type=\"section\" data-e-type=\"section\">\n\t\t\t\t\t\t<div class=\"elementor-container elementor-column-gap-default\">\n\t\t\t\t\t<div class=\"elementor-column elementor-col-100 elementor-top-column elementor-element elementor-element-9aac024\" data-id=\"9aac024\" data-element_type=\"column\" data-e-type=\"column\">\n\t\t\t<div class=\"elementor-widget-wrap elementor-element-populated\">\n\t\t\t\t\t\t<div class=\"elementor-element elementor-element-dcc36d2 elementor-align-center elementor-invisible elementor-widget elementor-widget-button\" data-id=\"dcc36d2\" data-element_type=\"widget\" data-e-type=\"widget\" data-settings=\"{&quot;_animation&quot;:&quot;rubberBand&quot;}\" data-widget_type=\"button.default\">\n\t\t\t\t<div class=\"elementor-widget-container\">\n\t\t\t\t\t\t\t\t\t<div class=\"elementor-button-wrapper\">\n\t\t\t\t\t<a class=\"elementor-button elementor-button-link elementor-size-sm\" href=\"https:\/\/www.alexisdegaribaldi.com\/index.php\/poser-the-best-of-rdv\/\">\n\t\t\t\t\t\t<span class=\"elementor-button-content-wrapper\">\n\t\t\t\t\t\t\t\t\t<span class=\"elementor-button-text\">Cliquez ici pour acc\u00e9der au calendriers des Rendez-Vous<\/span>\n\t\t\t\t\t<\/span>\n\t\t\t\t\t<\/a>\n\t\t\t\t<\/div>\n\t\t\t\t\t\t\t\t<\/div>\n\t\t\t\t<\/div>\n\t\t\t\t\t<\/div>\n\t\t<\/div>\n\t\t\t\t\t<\/div>\n\t\t<\/section>\n\t\t\t\t<section class=\"elementor-section elementor-top-section elementor-element elementor-element-daa7ef0 elementor-section-boxed elementor-section-height-default elementor-section-height-default\" data-id=\"daa7ef0\" data-element_type=\"section\" data-e-type=\"section\">\n\t\t\t\t\t\t<div class=\"elementor-container elementor-column-gap-default\">\n\t\t\t\t\t<div class=\"elementor-column elementor-col-100 elementor-top-column elementor-element elementor-element-2ea631f\" data-id=\"2ea631f\" data-element_type=\"column\" data-e-type=\"column\">\n\t\t\t<div class=\"elementor-widget-wrap elementor-element-populated\">\n\t\t\t\t\t\t<div class=\"elementor-element elementor-element-00d3ea4 elementor-widget elementor-widget-image\" data-id=\"00d3ea4\" data-element_type=\"widget\" data-e-type=\"widget\" data-widget_type=\"image.default\">\n\t\t\t\t<div class=\"elementor-widget-container\">\n\t\t\t\t\t\t\t\t\t\t\t\t\t\t\t<img fetchpriority=\"high\" decoding=\"async\" width=\"837\" height=\"439\" src=\"https:\/\/i0.wp.com\/www.alexisdegaribaldi.com\/wp-content\/uploads\/2022\/08\/IMG_20220831_162342-scaled.jpg?fit=837%2C439&amp;ssl=1\" class=\"attachment-large size-large wp-image-1147\" alt=\"Coaching de Performance\" srcset=\"https:\/\/i0.wp.com\/www.alexisdegaribaldi.com\/wp-content\/uploads\/2022\/08\/IMG_20220831_162342-scaled.jpg?w=2560&amp;ssl=1 2560w, https:\/\/i0.wp.com\/www.alexisdegaribaldi.com\/wp-content\/uploads\/2022\/08\/IMG_20220831_162342-scaled.jpg?resize=300%2C157&amp;ssl=1 300w, https:\/\/i0.wp.com\/www.alexisdegaribaldi.com\/wp-content\/uploads\/2022\/08\/IMG_20220831_162342-scaled.jpg?resize=1024%2C537&amp;ssl=1 1024w, https:\/\/i0.wp.com\/www.alexisdegaribaldi.com\/wp-content\/uploads\/2022\/08\/IMG_20220831_162342-scaled.jpg?resize=768%2C403&amp;ssl=1 768w, https:\/\/i0.wp.com\/www.alexisdegaribaldi.com\/wp-content\/uploads\/2022\/08\/IMG_20220831_162342-scaled.jpg?resize=1536%2C806&amp;ssl=1 1536w, https:\/\/i0.wp.com\/www.alexisdegaribaldi.com\/wp-content\/uploads\/2022\/08\/IMG_20220831_162342-scaled.jpg?resize=2048%2C1075&amp;ssl=1 2048w, https:\/\/i0.wp.com\/www.alexisdegaribaldi.com\/wp-content\/uploads\/2022\/08\/IMG_20220831_162342-scaled.jpg?resize=1320%2C693&amp;ssl=1 1320w, https:\/\/i0.wp.com\/www.alexisdegaribaldi.com\/wp-content\/uploads\/2022\/08\/IMG_20220831_162342-scaled.jpg?resize=600%2C315&amp;ssl=1 600w, https:\/\/i0.wp.com\/www.alexisdegaribaldi.com\/wp-content\/uploads\/2022\/08\/IMG_20220831_162342-scaled.jpg?w=1674 1674w\" sizes=\"(max-width: 837px) 100vw, 837px\" \/>\t\t\t\t\t\t\t\t\t\t\t\t\t\t\t<\/div>\n\t\t\t\t<\/div>\n\t\t\t\t\t<\/div>\n\t\t<\/div>\n\t\t\t\t\t<\/div>\n\t\t<\/section>\n\t\t\t\t<section class=\"elementor-section elementor-top-section elementor-element elementor-element-a38419c elementor-section-boxed elementor-section-height-default elementor-section-height-default\" data-id=\"a38419c\" data-element_type=\"section\" data-e-type=\"section\">\n\t\t\t\t\t\t<div class=\"elementor-container elementor-column-gap-default\">\n\t\t\t\t\t<div class=\"elementor-column elementor-col-100 elementor-top-column elementor-element elementor-element-b6b216c\" data-id=\"b6b216c\" data-element_type=\"column\" data-e-type=\"column\">\n\t\t\t<div class=\"elementor-widget-wrap elementor-element-populated\">\n\t\t\t\t\t\t<div class=\"elementor-element elementor-element-d7ebb51 elementor-widget elementor-widget-text-editor\" data-id=\"d7ebb51\" data-element_type=\"widget\" data-e-type=\"widget\" data-widget_type=\"text-editor.default\">\n\t\t\t\t<div class=\"elementor-widget-container\">\n\t\t\t\t\t\t\t\t\t<p>Savez vous ce dont vous avez Besoin ?<\/p>\n<p>Votre Objectif de Coaching se situe \u00e0 quel niveau ?<\/p>\n<p>A l&rsquo;heure d&rsquo;aujourd&rsquo;hui, vous vous situeriez o\u00f9 sur cette pyramide ?<\/p>\n<p>Si vous ne le savez pas, n&rsquo;h\u00e9sitez pas \u00e0 nous le pr\u00e9ciser d\u00e8s le premier Rendez-Vous.<br><a href=\"https:\/\/www.alexisdegaribaldi.com\/index.php\/coaching\/etablir-votre-anamnese\/\">L<i style=\"\"><b>&lsquo;Anamn\u00e8se<\/b><\/i><\/a><i><b> <\/b><\/i>sert \u00e0 cela.<\/p>\n<p>Le Coaching d&rsquo;\u00catre va permettre de travailler sur vos\/votre<\/p>\n<ul>\n<li>&nbsp;SENS<\/li>\n<li>&nbsp;IDENTITE<\/li>\n<li>&nbsp;CROYANCES et VALEURS<\/li>\n<\/ul>\n<p>N\u00e9anmoins on travaillera aussi sur \u00a0\u00bb la Capacit\u00e9 et&nbsp; le Savoir Faire\u00a0\u00bb car c&rsquo;est la r\u00e8gle.<br>On doit toujours travailler sur le niveau pr\u00e9c\u00e9dent pour faire \u00e9panouir le niveau souhait\u00e9<\/p>\t\t\t\t\t\t\t\t<\/div>\n\t\t\t\t<\/div>\n\t\t\t\t\t<\/div>\n\t\t<\/div>\n\t\t\t\t\t<\/div>\n\t\t<\/section>\n\t\t\t\t<\/div>\n\t\t","protected":false},"excerpt":{"rendered":"<p>Coaching d&rsquo;Etre Les meilleurs Secrets Le Coaching d&rsquo;Etre poss\u00e8de plusieurs niveaux qui entre en interrelation Ces niveaux sont : &#8211; Sens : c&rsquo;est \u00e0 dire ce \u00e0 quoi vous faites partie, vos Vision et vos Ambitions &#8211; Identit\u00e9 : Qui je suis en l&rsquo;occurence qui vous \u00eates vous, avec votre Mission et votre R\u00f4le &#8211; <a class=\"read-more\" href=\"https:\/\/www.alexisdegaribaldi.com\/index.php\/coach-therapies-breves-coaching\/coaching-detre\/\">READ MORE<\/a><\/p>\n","protected":false},"author":1,"featured_media":3405,"parent":28,"menu_order":0,"comment_status":"closed","ping_status":"closed","template":"","meta":{"_eb_attr":"","om_disable_all_campaigns":false,"_monsterinsights_skip_tracking":false,"_monsterinsights_sitenote_active":false,"_monsterinsights_sitenote_note":"","_monsterinsights_sitenote_category":0,"footnotes":""},"class_list":["post-390","page","type-page","status-publish","has-post-thumbnail","hentry"],"aioseo_notices":[],"jetpack_sharing_enabled":true,"_links":{"self":[{"href":"https:\/\/www.alexisdegaribaldi.com\/index.php\/wp-json\/wp\/v2\/pages\/390","targetHints":{"allow":["GET"]}}],"collection":[{"href":"https:\/\/www.alexisdegaribaldi.com\/index.php\/wp-json\/wp\/v2\/pages"}],"about":[{"href":"https:\/\/www.alexisdegaribaldi.com\/index.php\/wp-json\/wp\/v2\/types\/page"}],"author":[{"embeddable":true,"href":"https:\/\/www.alexisdegaribaldi.com\/index.php\/wp-json\/wp\/v2\/users\/1"}],"replies":[{"embeddable":true,"href":"https:\/\/www.alexisdegaribaldi.com\/index.php\/wp-json\/wp\/v2\/comments?post=390"}],"version-history":[{"count":63,"href":"https:\/\/www.alexisdegaribaldi.com\/index.php\/wp-json\/wp\/v2\/pages\/390\/revisions"}],"predecessor-version":[{"id":6808,"href":"https:\/\/www.alexisdegaribaldi.com\/index.php\/wp-json\/wp\/v2\/pages\/390\/revisions\/6808"}],"up":[{"embeddable":true,"href":"https:\/\/www.alexisdegaribaldi.com\/index.php\/wp-json\/wp\/v2\/pages\/28"}],"wp:featuredmedia":[{"embeddable":true,"href":"https:\/\/www.alexisdegaribaldi.com\/index.php\/wp-json\/wp\/v2\/media\/3405"}],"wp:attachment":[{"href":"https:\/\/www.alexisdegaribaldi.com\/index.php\/wp-json\/wp\/v2\/media?parent=390"}],"curies":[{"name":"wp","href":"https:\/\/api.w.org\/{rel}","templated":true}]}}