{"id":394,"date":"2022-08-27T23:43:15","date_gmt":"2022-08-27T21:43:15","guid":{"rendered":"https:\/\/www.alexisdegaribaldi.com\/?page_id=394"},"modified":"2025-05-26T15:10:27","modified_gmt":"2025-05-26T13:10:27","slug":"ikigai","status":"publish","type":"page","link":"https:\/\/www.alexisdegaribaldi.com\/index.php\/ikigai\/","title":{"rendered":"IKIGAI The Best Secrets"},"content":{"rendered":"\t\t<div data-elementor-type=\"wp-page\" data-elementor-id=\"394\" class=\"elementor elementor-394\">\n\t\t\t\t<div class=\"elementor-element elementor-element-9056374 e-flex e-con-boxed e-con e-parent\" data-id=\"9056374\" data-element_type=\"container\" data-e-type=\"container\">\n\t\t\t\t\t<div class=\"e-con-inner\">\n\t\t\t\t<div class=\"elementor-element elementor-element-a9b7a75 elementor-widget elementor-widget-heading\" data-id=\"a9b7a75\" data-element_type=\"widget\" data-e-type=\"widget\" data-widget_type=\"heading.default\">\n\t\t\t\t<div class=\"elementor-widget-container\">\n\t\t\t\t\t<h1 class=\"elementor-heading-title elementor-size-default\">IKIGAI Les Meilleurs Secrets<\/h1>\t\t\t\t<\/div>\n\t\t\t\t<\/div>\n\t\t\t\t\t<\/div>\n\t\t\t\t<\/div>\n\t\t\t\t<section class=\"elementor-section elementor-top-section elementor-element elementor-element-09d2f62 elementor-section-boxed elementor-section-height-default elementor-section-height-default\" data-id=\"09d2f62\" data-element_type=\"section\" data-e-type=\"section\">\n\t\t\t\t\t\t<div class=\"elementor-container elementor-column-gap-default\">\n\t\t\t\t\t<div class=\"elementor-column elementor-col-100 elementor-top-column elementor-element elementor-element-82a9af0\" data-id=\"82a9af0\" data-element_type=\"column\" data-e-type=\"column\">\n\t\t\t<div class=\"elementor-widget-wrap elementor-element-populated\">\n\t\t\t\t\t\t<div class=\"elementor-element elementor-element-2097afa elementor-align-center elementor-invisible elementor-widget elementor-widget-button\" data-id=\"2097afa\" data-element_type=\"widget\" data-e-type=\"widget\" data-settings=\"{&quot;_animation&quot;:&quot;shake&quot;}\" data-widget_type=\"button.default\">\n\t\t\t\t<div class=\"elementor-widget-container\">\n\t\t\t\t\t\t\t\t\t<div class=\"elementor-button-wrapper\">\n\t\t\t\t\t<a class=\"elementor-button elementor-button-link elementor-size-sm\" href=\"tel:+33645315702\">\n\t\t\t\t\t\t<span class=\"elementor-button-content-wrapper\">\n\t\t\t\t\t\t<span class=\"elementor-button-icon\">\n\t\t\t\t<svg aria-hidden=\"true\" class=\"e-font-icon-svg e-fas-phone-alt\" viewBox=\"0 0 512 512\" xmlns=\"http:\/\/www.w3.org\/2000\/svg\"><path d=\"M497.39 361.8l-112-48a24 24 0 0 0-28 6.9l-49.6 60.6A370.66 370.66 0 0 1 130.6 204.11l60.6-49.6a23.94 23.94 0 0 0 6.9-28l-48-112A24.16 24.16 0 0 0 122.6.61l-104 24A24 24 0 0 0 0 48c0 256.5 207.9 464 464 464a24 24 0 0 0 23.4-18.6l24-104a24.29 24.29 0 0 0-14.01-27.6z\"><\/path><\/svg>\t\t\t<\/span>\n\t\t\t\t\t\t\t\t\t<span class=\"elementor-button-text\">Nous t\u00e9l\u00e9phoner Maintenant<\/span>\n\t\t\t\t\t<\/span>\n\t\t\t\t\t<\/a>\n\t\t\t\t<\/div>\n\t\t\t\t\t\t\t\t<\/div>\n\t\t\t\t<\/div>\n\t\t\t\t\t<\/div>\n\t\t<\/div>\n\t\t\t\t\t<\/div>\n\t\t<\/section>\n\t\t\t\t<section class=\"elementor-section elementor-top-section elementor-element elementor-element-55394e3 elementor-section-boxed elementor-section-height-default elementor-section-height-default\" data-id=\"55394e3\" data-element_type=\"section\" data-e-type=\"section\">\n\t\t\t\t\t\t<div class=\"elementor-container elementor-column-gap-default\">\n\t\t\t\t\t<div class=\"elementor-column elementor-col-100 elementor-top-column elementor-element elementor-element-1ebc1b1\" data-id=\"1ebc1b1\" data-element_type=\"column\" data-e-type=\"column\">\n\t\t\t<div class=\"elementor-widget-wrap elementor-element-populated\">\n\t\t\t\t\t\t<div class=\"elementor-element elementor-element-971ba6d elementor-widget elementor-widget-image\" data-id=\"971ba6d\" data-element_type=\"widget\" data-e-type=\"widget\" data-widget_type=\"image.default\">\n\t\t\t\t<div class=\"elementor-widget-container\">\n\t\t\t\t\t\t\t\t\t\t\t\t\t\t\t<img decoding=\"async\" width=\"307\" height=\"150\" src=\"https:\/\/i0.wp.com\/www.alexisdegaribaldi.com\/wp-content\/uploads\/2022\/09\/ikigai-en-japonais-2.png?fit=307%2C150&amp;ssl=1\" class=\"attachment-large size-large wp-image-1286\" alt=\"\" srcset=\"https:\/\/i0.wp.com\/www.alexisdegaribaldi.com\/wp-content\/uploads\/2022\/09\/ikigai-en-japonais-2.png?w=307&amp;ssl=1 307w, https:\/\/i0.wp.com\/www.alexisdegaribaldi.com\/wp-content\/uploads\/2022\/09\/ikigai-en-japonais-2.png?resize=300%2C147&amp;ssl=1 300w\" sizes=\"(max-width: 307px) 100vw, 307px\" \/>\t\t\t\t\t\t\t\t\t\t\t\t\t\t\t<\/div>\n\t\t\t\t<\/div>\n\t\t\t\t\t<\/div>\n\t\t<\/div>\n\t\t\t\t\t<\/div>\n\t\t<\/section>\n\t\t<div class=\"elementor-element elementor-element-3090861 e-flex e-con-boxed e-con e-parent\" data-id=\"3090861\" data-element_type=\"container\" data-e-type=\"container\">\n\t\t\t\t\t<div class=\"e-con-inner\">\n\t\t\t\t<div class=\"elementor-element elementor-element-f238698 elementor-widget elementor-widget-heading\" data-id=\"f238698\" data-element_type=\"widget\" data-e-type=\"widget\" data-widget_type=\"heading.default\">\n\t\t\t\t<div class=\"elementor-widget-container\">\n\t\t\t\t\t<h2 class=\"elementor-heading-title elementor-size-default\">DEMARER VOTRE IKIGAI<\/h2>\t\t\t\t<\/div>\n\t\t\t\t<\/div>\n\t\t\t\t\t<\/div>\n\t\t\t\t<\/div>\n\t\t\t\t<section class=\"elementor-section elementor-top-section elementor-element elementor-element-b92e8b9 elementor-section-boxed elementor-section-height-default elementor-section-height-default\" data-id=\"b92e8b9\" data-element_type=\"section\" data-e-type=\"section\">\n\t\t\t\t\t\t<div class=\"elementor-container elementor-column-gap-default\">\n\t\t\t\t\t<div class=\"elementor-column elementor-col-100 elementor-top-column elementor-element elementor-element-429243e\" data-id=\"429243e\" data-element_type=\"column\" data-e-type=\"column\">\n\t\t\t<div class=\"elementor-widget-wrap elementor-element-populated\">\n\t\t\t\t\t\t<div class=\"elementor-element elementor-element-3694c7e elementor-align-center elementor-widget elementor-widget-button\" data-id=\"3694c7e\" data-element_type=\"widget\" data-e-type=\"widget\" data-widget_type=\"button.default\">\n\t\t\t\t<div class=\"elementor-widget-container\">\n\t\t\t\t\t\t\t\t\t<div class=\"elementor-button-wrapper\">\n\t\t\t\t\t<a class=\"elementor-button elementor-button-link elementor-size-md\" href=\"https:\/\/www.alexisdegaribaldi.com\/index.php\/product-category\/coaching\/ikigai\/\">\n\t\t\t\t\t\t<span class=\"elementor-button-content-wrapper\">\n\t\t\t\t\t\t\t\t\t<span class=\"elementor-button-text\">Cliquez ici pour DEMARER VOTRE IKIGAI<\/span>\n\t\t\t\t\t<\/span>\n\t\t\t\t\t<\/a>\n\t\t\t\t<\/div>\n\t\t\t\t\t\t\t\t<\/div>\n\t\t\t\t<\/div>\n\t\t\t\t\t<\/div>\n\t\t<\/div>\n\t\t\t\t\t<\/div>\n\t\t<\/section>\n\t\t\t\t<section class=\"elementor-section elementor-top-section elementor-element elementor-element-f039649 elementor-section-boxed elementor-section-height-default elementor-section-height-default\" data-id=\"f039649\" data-element_type=\"section\" data-e-type=\"section\">\n\t\t\t\t\t\t<div class=\"elementor-container elementor-column-gap-default\">\n\t\t\t\t\t<div class=\"elementor-column elementor-col-100 elementor-top-column elementor-element elementor-element-8896d42\" data-id=\"8896d42\" data-element_type=\"column\" data-e-type=\"column\">\n\t\t\t<div class=\"elementor-widget-wrap elementor-element-populated\">\n\t\t\t\t\t\t<div class=\"elementor-element elementor-element-c6c9836 elementor-widget elementor-widget-text-editor\" data-id=\"c6c9836\" data-element_type=\"widget\" data-e-type=\"widget\" data-widget_type=\"text-editor.default\">\n\t\t\t\t<div class=\"elementor-widget-container\">\n\t\t\t\t\t\t\t\t\t<p><b><u>I . Qu&rsquo;est ce que L&rsquo;IKIGAI :<\/u><\/b><\/p>\n<p><strong>Sa signification occidentale est :<\/strong><\/p>\n<p><strong>Ta Raison d&rsquo;\u00eatre , Ta Joie de Vivre.<\/strong><\/p>\n<p><strong>Il est issue d&rsquo;un Art de vivre Japonais. Dans une \u00eele o\u00f9 le nombre de centenaires se faisaient de plus en plus nombreux, dans une ambiance paisible, o\u00f9 la retraite n&rsquo;y existe pas. On vis, de sa passion, et leur passion, les fait vivre.<\/strong><\/p>\n<p><strong><u>II . L&rsquo;IKIGAI est un \u00e9tat d&rsquo;esprit :<\/u><\/strong><\/p>\n<p><strong>Il est aussi un ensemble d&rsquo;habitudes portant sur l&rsquo;alimentation, le sommeil, les exercices physique et spirituels.<\/strong><\/p>\n<p><strong><u>III . <\/u>I<u>L EST UN ART DE VIVRE<\/u>\u00a0:<\/strong><\/p>\n<p><strong>OUI absoluement<\/strong><\/p>\n<p><strong><u>IV . Pourquoi faire son IKIGAI :<\/u><\/strong><\/p>\n<p><strong>Le Coeur de l&rsquo;IKIGAI repr\u00e9sente ce qui donne du sens \u00e0 votre Vie.<\/strong><\/p>\n<p><strong>Ce qui vous rend heureux et ce pourquoi vous \u00eates fait.<\/strong><\/p>\n<p><strong>Cette m\u00e9thode permet de donner un Cap,\u00a0<\/strong><\/p>\n<p><strong>Elle guide et permet d&rsquo;identifier ses talents, ses potentiels, ses motivations, et ses missions de vie.<\/strong><\/p>\n<p><strong><u>V . Pour nous Occidentaux :<\/u><\/strong><\/p>\n<p><strong>Il est un ensemble de pratiques, \u00e0 mettre en place, dans sa Vie, pour la vivre, de la fa\u00e7on plus \u00e9panouissante, et la plus confortable.<\/strong><\/p>\n<p><strong>VI . <u>Trouver sa Voie passe par l&rsquo;IKIGAI c&rsquo;est ind\u00e9niable<\/u>\u00a0:<\/strong><\/p>\n<p><strong>Nous vous proposons pour cela de r\u00e9aliser votre IKIGAI, <u>ensemble<\/u>.<\/strong><\/p>\n<p><strong>Une s\u00e9rie de questions auxquelles vous devrez r\u00e9pondre avec la plus grande sinc\u00e9rit\u00e9, car nous ne sommes pas l\u00e0 pour vous juger.<\/strong><\/p>\n<p><strong><u>Aid\u00e9 et appuy\u00e9 par l&rsquo;Intelligence Artificielle au sein du CNIP<\/u> nous analyserons ensemble vos r\u00e9sultats, permettant ainsi, de <u>poser vos actions et vos objectifs sur la toile de votre vie.<\/u><\/strong><\/p>\n<p><strong><u>Cette plateforme<\/u> vous est <u>ouverte \u00e0 vie<\/u>, vous pourrez refaire votre IKIGAI autant de fois que vous en aurez besoin.<\/strong><\/p>\n<p><strong><u>Un compte priv\u00e9<\/u> rien que pour vous, accessible par internet, des informations , une sauvegarde r\u00e9guli\u00e8re, des r\u00e9sultats re\u00e7us sur votre adresse Mail.<\/strong><\/p>\n<p><strong><u>Un seul Coach particulier, disponible, et \u00e0 votre \u00e9coute.<\/u><\/strong><\/p>\n<p><strong><u>VII . Qu y a t il dedans :<\/u><\/strong><\/p>\n<p><strong>Les questions sont diverses et vari\u00e9es elles portent aussi bien sur votre enfance, que sur la p\u00e9riode actuelle .<\/strong><\/p>\n<p><strong>Une Trentaine de Pages.<\/strong><\/p>\n<p><strong>Des questions passent aussi par vos exp\u00e9riences professionnelles.<\/strong><\/p>\n<p><strong>Un process vous permettant ainsi, de mieux vous comprendre int\u00e9rieurement , gr\u00e2ce \u00e0 l&rsquo;Enn\u00e9agramme, au MBTI.<\/strong><\/p>\n<p><strong>Vous pourrez mieux saisir ce qui vous anime, quelles sont vos cartes et votre territoire.<\/strong><\/p>\n<p><strong>Si vous \u00eates plut\u00f4t Emotionnel ou Instinctif ou Mental.<\/strong><\/p>\n<p><strong>IKIGAI vous am\u00e8nera aussi \u00e0 mieux percevoir les diff\u00e9rences que vous avez, avec les autres individus qui vous entourent, que cela soit au sein de votre foyer, de votre famille, dans vos activit\u00e9s priv\u00e9es, ou au travail, \u00e0 l&rsquo;\u00e9cole&#8230;<\/strong><\/p>\n<p><strong>De mieux comprendre comment fonctionne aussi les autres&#8230;<\/strong><\/p>\n<p><strong>Tout ce qui a pu r\u00e9sonner en vous en positif et h\u00e9las aussi en n\u00e9gatif.<\/strong><\/p>\n<p><strong>Pourquoi, parfois, les personnes ont du mal \u00e0 communiquer ou \u00e0 se comprendre.<\/strong><\/p>\n<p><strong>Un point sur vos blessures d&rsquo;\u00e2mes &#8230; si vous en avez encore, et sur les voix dans votre t\u00eate ( ce que l&rsquo;on appelle commun\u00e9ment votre guide int\u00e9rieur, ou d&rsquo;autre le nomme aussi\u00a0 CRITIQUE INTERIEUR !!! )<\/strong><\/p>\n<p><strong>Le questionnaire fera le point aussi, sur vos Intelligences Multiples, et, si vous \u00eates plut\u00f4t cerveau droit ou cerveau gauche.<\/strong><\/p>\n<p><strong>Vos passions, et vos capacit\u00e9s regroup\u00e9es, vous permettrons un plus large panel pour vos choix d&rsquo;orientation professionnels possibles.<\/strong><\/p>\n<p><b>D&rsquo;\u00e9valuer vos exp\u00e9riences pass\u00e9es,<\/b><\/p>\n<p><strong>Il est le point de jonction entre ce que vous aimez, ce dont le monde \u00e0 besoin, ce pour quoi vous pouvez \u00eatre pay\u00e9, ce en quoi vous \u00eates dou\u00e9&#8230;&#8230;<\/strong><\/p>\n<p><strong>VOTRE PASSION, VOTRE MISSION, VOTRE VOCATION, VOTRE PROFESSION<\/strong><\/p>\n<p><strong>Nous passerons ensemble un peu de temps 3 s\u00e9ances\u00a0 en Visio-conf\u00e9rence qui se d\u00e9couperont\u00a0 ainsi<\/strong><\/p>\n<p><strong>Premi\u00e8re Visio : Entretient ( Anamn\u00e8se) et Explications de d\u00e9part pour le bon d\u00e9roulement de votre d\u00e9termination de l&rsquo;IKIGAI, et des s\u00e9ances de Coaching qui l&rsquo;accompagnent.<\/strong><\/p>\n<p><strong>Deuxi\u00e8me Visio : A mis parcours pour faire le point sur vos difficult\u00e9s rencontr\u00e9es et continuer votre Coaching<\/strong><\/p>\n<p><strong>Troisi\u00e8me : Fin du questionnaire, les R\u00e9sultats vu en d\u00e9tails, Fin du Coaching sur mesure avec vos Actions et vos Objectifs \u00e0 mettre en place.<\/strong><\/p>\n<p><strong><u>VIII . Prix<\/u> :<\/strong><\/p>\n<p><strong>Prix de 1500 \u20ac payable en CB ou Pay-pal<\/strong><\/p>\n<p><b>Prenez le temps, enfin, de prendre le temps,\u00a0<\/b><\/p>\n<p><b>Abordez ce questionnaire de la fa\u00e7on la plus confortable pour vous, \u00e0 votre rythme,\u00a0<\/b><\/p>\n<p><b>Au CALME, avec vous m\u00eame, sans filtre, sans mensonges, SANS MASQUES&#8230;<\/b><\/p>\n<p><b>BON IKIGAI \u00e0 Vous<\/b><\/p>\t\t\t\t\t\t\t\t<\/div>\n\t\t\t\t<\/div>\n\t\t\t\t\t<\/div>\n\t\t<\/div>\n\t\t\t\t\t<\/div>\n\t\t<\/section>\n\t\t\t\t<section class=\"elementor-section elementor-top-section elementor-element elementor-element-0d49cf4 elementor-section-boxed elementor-section-height-default elementor-section-height-default\" data-id=\"0d49cf4\" data-element_type=\"section\" data-e-type=\"section\">\n\t\t\t\t\t\t<div class=\"elementor-container elementor-column-gap-default\">\n\t\t\t\t\t<div class=\"elementor-column elementor-col-100 elementor-top-column elementor-element elementor-element-d30f65d\" data-id=\"d30f65d\" data-element_type=\"column\" data-e-type=\"column\">\n\t\t\t<div class=\"elementor-widget-wrap elementor-element-populated\">\n\t\t\t\t\t\t<div class=\"elementor-element elementor-element-e6b3c62 elementor-widget elementor-widget-image\" data-id=\"e6b3c62\" data-element_type=\"widget\" data-e-type=\"widget\" data-widget_type=\"image.default\">\n\t\t\t\t<div class=\"elementor-widget-container\">\n\t\t\t\t\t\t\t\t\t\t\t\t\t\t\t<img fetchpriority=\"high\" decoding=\"async\" width=\"837\" height=\"471\" src=\"https:\/\/i0.wp.com\/www.alexisdegaribaldi.com\/wp-content\/uploads\/2022\/09\/IKIGAI-3.jpg?fit=837%2C471&amp;ssl=1\" class=\"attachment-large size-large wp-image-1296\" alt=\"ikigai\" srcset=\"https:\/\/i0.wp.com\/www.alexisdegaribaldi.com\/wp-content\/uploads\/2022\/09\/IKIGAI-3.jpg?w=1280&amp;ssl=1 1280w, https:\/\/i0.wp.com\/www.alexisdegaribaldi.com\/wp-content\/uploads\/2022\/09\/IKIGAI-3.jpg?resize=300%2C169&amp;ssl=1 300w, https:\/\/i0.wp.com\/www.alexisdegaribaldi.com\/wp-content\/uploads\/2022\/09\/IKIGAI-3.jpg?resize=1024%2C576&amp;ssl=1 1024w, https:\/\/i0.wp.com\/www.alexisdegaribaldi.com\/wp-content\/uploads\/2022\/09\/IKIGAI-3.jpg?resize=768%2C432&amp;ssl=1 768w, https:\/\/i0.wp.com\/www.alexisdegaribaldi.com\/wp-content\/uploads\/2022\/09\/IKIGAI-3.jpg?resize=600%2C338&amp;ssl=1 600w\" sizes=\"(max-width: 837px) 100vw, 837px\" \/>\t\t\t\t\t\t\t\t\t\t\t\t\t\t\t<\/div>\n\t\t\t\t<\/div>\n\t\t\t\t\t<\/div>\n\t\t<\/div>\n\t\t\t\t\t<\/div>\n\t\t<\/section>\n\t\t\t\t<section class=\"elementor-section elementor-top-section elementor-element elementor-element-a3b40d0 elementor-section-boxed elementor-section-height-default elementor-section-height-default\" data-id=\"a3b40d0\" data-element_type=\"section\" data-e-type=\"section\">\n\t\t\t\t\t\t<div class=\"elementor-container elementor-column-gap-default\">\n\t\t\t\t\t<div class=\"elementor-column elementor-col-100 elementor-top-column elementor-element elementor-element-97a2b46\" data-id=\"97a2b46\" data-element_type=\"column\" data-e-type=\"column\">\n\t\t\t<div class=\"elementor-widget-wrap elementor-element-populated\">\n\t\t\t\t\t\t<div class=\"elementor-element elementor-element-213b840 elementor-widget elementor-widget-heading\" data-id=\"213b840\" data-element_type=\"widget\" data-e-type=\"widget\" data-widget_type=\"heading.default\">\n\t\t\t\t<div class=\"elementor-widget-container\">\n\t\t\t\t\t<h2 class=\"elementor-heading-title elementor-size-default\">Notre Partenaire et Mentor pour votre Ikigai<br>Ipnass et Cnip France<\/h2>\t\t\t\t<\/div>\n\t\t\t\t<\/div>\n\t\t\t\t\t<\/div>\n\t\t<\/div>\n\t\t\t\t\t<\/div>\n\t\t<\/section>\n\t\t\t\t<section class=\"elementor-section elementor-top-section elementor-element elementor-element-b432d69 elementor-section-boxed elementor-section-height-default elementor-section-height-default\" data-id=\"b432d69\" data-element_type=\"section\" data-e-type=\"section\">\n\t\t\t\t\t\t<div class=\"elementor-container elementor-column-gap-default\">\n\t\t\t\t\t<div class=\"elementor-column elementor-col-100 elementor-top-column elementor-element elementor-element-c599ccc\" data-id=\"c599ccc\" data-element_type=\"column\" data-e-type=\"column\">\n\t\t\t<div class=\"elementor-widget-wrap elementor-element-populated\">\n\t\t\t\t\t\t<div class=\"elementor-element elementor-element-016fa23 elementor-widget elementor-widget-video\" data-id=\"016fa23\" data-element_type=\"widget\" data-e-type=\"widget\" data-settings=\"{&quot;youtube_url&quot;:&quot;https:\\\/\\\/youtu.be\\\/b3vo0u1fszA?si=CNUK5hiccR2w3Dyd&quot;,&quot;video_type&quot;:&quot;youtube&quot;,&quot;controls&quot;:&quot;yes&quot;}\" data-widget_type=\"video.default\">\n\t\t\t\t<div class=\"elementor-widget-container\">\n\t\t\t\t\t\t\t<div class=\"elementor-wrapper elementor-open-inline\">\n\t\t\t<div class=\"elementor-video\"><\/div>\t\t<\/div>\n\t\t\t\t\t\t<\/div>\n\t\t\t\t<\/div>\n\t\t\t\t\t<\/div>\n\t\t<\/div>\n\t\t\t\t\t<\/div>\n\t\t<\/section>\n\t\t\t\t<\/div>\n\t\t","protected":false},"excerpt":{"rendered":"<p>IKIGAI Les Meilleurs Secrets Nous t\u00e9l\u00e9phoner Maintenant DEMARER VOTRE IKIGAI Cliquez ici pour DEMARER VOTRE IKIGAI I . Qu&rsquo;est ce que L&rsquo;IKIGAI : Sa signification occidentale est : Ta Raison d&rsquo;\u00eatre , Ta Joie de Vivre. Il est issue d&rsquo;un Art de vivre Japonais. Dans une \u00eele o\u00f9 le nombre de centenaires se faisaient de <a class=\"read-more\" href=\"https:\/\/www.alexisdegaribaldi.com\/index.php\/ikigai\/\">READ MORE<\/a><\/p>\n","protected":false},"author":1,"featured_media":431,"parent":0,"menu_order":0,"comment_status":"closed","ping_status":"closed","template":"","meta":{"_eb_attr":"","om_disable_all_campaigns":false,"_monsterinsights_skip_tracking":false,"_monsterinsights_sitenote_active":false,"_monsterinsights_sitenote_note":"","_monsterinsights_sitenote_category":0,"footnotes":""},"class_list":["post-394","page","type-page","status-publish","has-post-thumbnail","hentry"],"aioseo_notices":[],"jetpack_sharing_enabled":true,"_links":{"self":[{"href":"https:\/\/www.alexisdegaribaldi.com\/index.php\/wp-json\/wp\/v2\/pages\/394","targetHints":{"allow":["GET"]}}],"collection":[{"href":"https:\/\/www.alexisdegaribaldi.com\/index.php\/wp-json\/wp\/v2\/pages"}],"about":[{"href":"https:\/\/www.alexisdegaribaldi.com\/index.php\/wp-json\/wp\/v2\/types\/page"}],"author":[{"embeddable":true,"href":"https:\/\/www.alexisdegaribaldi.com\/index.php\/wp-json\/wp\/v2\/users\/1"}],"replies":[{"embeddable":true,"href":"https:\/\/www.alexisdegaribaldi.com\/index.php\/wp-json\/wp\/v2\/comments?post=394"}],"version-history":[{"count":89,"href":"https:\/\/www.alexisdegaribaldi.com\/index.php\/wp-json\/wp\/v2\/pages\/394\/revisions"}],"predecessor-version":[{"id":6574,"href":"https:\/\/www.alexisdegaribaldi.com\/index.php\/wp-json\/wp\/v2\/pages\/394\/revisions\/6574"}],"wp:featuredmedia":[{"embeddable":true,"href":"https:\/\/www.alexisdegaribaldi.com\/index.php\/wp-json\/wp\/v2\/media\/431"}],"wp:attachment":[{"href":"https:\/\/www.alexisdegaribaldi.com\/index.php\/wp-json\/wp\/v2\/media?parent=394"}],"curies":[{"name":"wp","href":"https:\/\/api.w.org\/{rel}","templated":true}]}}