{"id":1517,"date":"2022-09-02T18:12:22","date_gmt":"2022-09-02T16:12:22","guid":{"rendered":"https:\/\/www.alexisdegaribaldi.com\/?post_type=product&#038;p=1517"},"modified":"2022-10-20T21:35:36","modified_gmt":"2022-10-20T19:35:36","slug":"massage-les-5-continents","status":"publish","type":"product","link":"https:\/\/www.alexisdegaribaldi.com\/index.php\/product\/massage-les-5-continents\/","title":{"rendered":"Massage Les 5 Continents"},"content":{"rendered":"<p>Traitement d&rsquo;\u00e9quilibrage \u00e9nerg\u00e9tique global.<\/p>\n<p>Se reconnecter avec la source et son \u00e9nergie vitale<\/p>\n<p>D\u00e9tox<\/p>\n<p>L\u00e2cher prise<\/p>\n<p>Revitalisation<\/p>\n<p>Reconnexion<\/p>\n","protected":false},"excerpt":{"rendered":"<p>Traitement d&rsquo;\u00e9quilibrage \u00e9nerg\u00e9tique global. Se reconnecter avec la source et son \u00e9nergie vitale D\u00e9tox L\u00e2cher prise Revitalisation Reconnexion<\/p>\n","protected":false},"featured_media":3369,"template":"","meta":{"_eb_attr":"","om_disable_all_campaigns":false,"_monsterinsights_skip_tracking":false,"_monsterinsights_sitenote_active":false,"_monsterinsights_sitenote_note":"","_monsterinsights_sitenote_category":0},"product_brand":[],"product_cat":[30,18],"product_tag":[],"class_list":{"0":"post-1517","1":"product","2":"type-product","3":"status-publish","4":"has-post-thumbnail","6":"product_cat-massages","7":"product_cat-soins-et-bien-etre","9":"first","10":"instock","11":"virtual","12":"purchasable","13":"product-type-simple"},"aioseo_notices":[],"jetpack_sharing_enabled":true,"_links":{"self":[{"href":"https:\/\/www.alexisdegaribaldi.com\/index.php\/wp-json\/wp\/v2\/product\/1517","targetHints":{"allow":["GET"]}}],"collection":[{"href":"https:\/\/www.alexisdegaribaldi.com\/index.php\/wp-json\/wp\/v2\/product"}],"about":[{"href":"https:\/\/www.alexisdegaribaldi.com\/index.php\/wp-json\/wp\/v2\/types\/product"}],"wp:featuredmedia":[{"embeddable":true,"href":"https:\/\/www.alexisdegaribaldi.com\/index.php\/wp-json\/wp\/v2\/media\/3369"}],"wp:attachment":[{"href":"https:\/\/www.alexisdegaribaldi.com\/index.php\/wp-json\/wp\/v2\/media?parent=1517"}],"wp:term":[{"taxonomy":"product_brand","embeddable":true,"href":"https:\/\/www.alexisdegaribaldi.com\/index.php\/wp-json\/wp\/v2\/product_brand?post=1517"},{"taxonomy":"product_cat","embeddable":true,"href":"https:\/\/www.alexisdegaribaldi.com\/index.php\/wp-json\/wp\/v2\/product_cat?post=1517"},{"taxonomy":"product_tag","embeddable":true,"href":"https:\/\/www.alexisdegaribaldi.com\/index.php\/wp-json\/wp\/v2\/product_tag?post=1517"}],"curies":[{"name":"wp","href":"https:\/\/api.w.org\/{rel}","templated":true}]}}