{"id":1700,"date":"2022-09-05T19:45:50","date_gmt":"2022-09-05T17:45:50","guid":{"rendered":"https:\/\/www.alexisdegaribaldi.com\/?post_type=product&#038;p=1700"},"modified":"2023-12-09T15:32:56","modified_gmt":"2023-12-09T14:32:56","slug":"la-4-phases-perfectionnement-conduite","status":"publish","type":"product","link":"https:\/\/www.alexisdegaribaldi.com\/index.php\/product\/la-4-phases-perfectionnement-conduite\/","title":{"rendered":"La 4 Phases, perfectionnement \u00e0 la conduite"},"content":{"rendered":"<p>&nbsp;<\/p>\n<p>S\u00e9ance d&rsquo;une journ\u00e9e de 6 h\u00a0 comprenant la partie pratique, une petite partie th\u00e9orique, la t\u00e9l\u00e9m\u00e9trie si acc\u00e8s fournis et des pauses p\u00e9dagogiques.<\/p>\n<p>La 4 phases et le perfectionnement \u00e0 la conduite, s&rsquo;effectue sur vos v\u00e9hicules respectifs qu&rsquo;ils soient\u00a0 Camions, Bus<\/p>\n<p>La fabuleuse 4 phases rien que pour vous avec ses secrets<\/p>\n<p>PL \/ SPL \/ Bus &#8230;.quelque soit le mod\u00e8les et la boites de vitesse, de pr\u00e9f\u00e9rence en mode production ou du moins en charge.<\/p>\n","protected":false},"excerpt":{"rendered":"<p>S\u00e9ance d&rsquo;une journ\u00e9e de 6 h\u00a0 comprenant la partie pratique, une petite partie th\u00e9orique, la t\u00e9l\u00e9m\u00e9trie si acc\u00e8s fournis et des pauses p\u00e9dagogiques.<\/p>\n<p>La 4 phases et le perfectionnement \u00e0 la conduite, s&rsquo;effectue sur vos v\u00e9hicules respectifs qu&rsquo;ils soient\u00a0 Camions, Bus<\/p>\n<p>La fabuleuse 4 phases rien que pour vous avec ses secrets<\/p>\n<p>PL \/ SPL \/ Bus &#8230;.quelque soit le mod\u00e8les et la boites de vitesse, de pr\u00e9f\u00e9rence en mode production ou du moins en charge.<\/p>\n","protected":false},"featured_media":3583,"template":"","meta":{"_eb_attr":"","om_disable_all_campaigns":false,"_monsterinsights_skip_tracking":false,"_monsterinsights_sitenote_active":false,"_monsterinsights_sitenote_note":"","_monsterinsights_sitenote_category":0},"product_brand":[],"product_cat":[41,68,72,70,71],"product_tag":[60],"class_list":{"0":"post-1700","1":"product","2":"type-product","3":"status-publish","4":"has-post-thumbnail","6":"product_cat-conduites-perfectionnement-a-la","7":"product_cat-fimo","8":"product_cat-la-4-phases","9":"product_cat-mise-en-pratique-professionnelle","10":"product_cat-titres-professionnels","11":"product_tag-4-phases","13":"first","14":"instock","15":"taxable","16":"shipping-taxable","17":"purchasable","18":"product-type-simple"},"aioseo_notices":[],"jetpack_sharing_enabled":true,"_links":{"self":[{"href":"https:\/\/www.alexisdegaribaldi.com\/index.php\/wp-json\/wp\/v2\/product\/1700","targetHints":{"allow":["GET"]}}],"collection":[{"href":"https:\/\/www.alexisdegaribaldi.com\/index.php\/wp-json\/wp\/v2\/product"}],"about":[{"href":"https:\/\/www.alexisdegaribaldi.com\/index.php\/wp-json\/wp\/v2\/types\/product"}],"wp:featuredmedia":[{"embeddable":true,"href":"https:\/\/www.alexisdegaribaldi.com\/index.php\/wp-json\/wp\/v2\/media\/3583"}],"wp:attachment":[{"href":"https:\/\/www.alexisdegaribaldi.com\/index.php\/wp-json\/wp\/v2\/media?parent=1700"}],"wp:term":[{"taxonomy":"product_brand","embeddable":true,"href":"https:\/\/www.alexisdegaribaldi.com\/index.php\/wp-json\/wp\/v2\/product_brand?post=1700"},{"taxonomy":"product_cat","embeddable":true,"href":"https:\/\/www.alexisdegaribaldi.com\/index.php\/wp-json\/wp\/v2\/product_cat?post=1700"},{"taxonomy":"product_tag","embeddable":true,"href":"https:\/\/www.alexisdegaribaldi.com\/index.php\/wp-json\/wp\/v2\/product_tag?post=1700"}],"curies":[{"name":"wp","href":"https:\/\/api.w.org\/{rel}","templated":true}]}}