{"id":1705,"date":"2022-09-05T19:49:42","date_gmt":"2022-09-05T17:49:42","guid":{"rendered":"https:\/\/www.alexisdegaribaldi.com\/?post_type=product&#038;p=1705"},"modified":"2023-12-09T16:03:05","modified_gmt":"2023-12-09T15:03:05","slug":"perfectionnement-conduite-3-journees","status":"publish","type":"product","link":"https:\/\/www.alexisdegaribaldi.com\/index.php\/product\/perfectionnement-conduite-3-journees\/","title":{"rendered":"Perfectionnement Conduite 3 journ\u00e9es"},"content":{"rendered":"<p>R\u00e9servation pour 3 journ\u00e9es de perfectionnement \u00e0 la conduite<\/p>\n<p>Possibilit\u00e9 d&rsquo;y ins\u00e9rer la 4 phases<\/p>\n","protected":false},"excerpt":{"rendered":"<p>R\u00e9servation de 3 journ\u00e9es au perfectionnement \u00e0 la conduite<\/p>\n<p>Possibilit\u00e9 d&rsquo;y int\u00e9grer la 4 phases<\/p>\n","protected":false},"featured_media":1473,"template":"","meta":{"_eb_attr":"","om_disable_all_campaigns":false,"_monsterinsights_skip_tracking":false,"_monsterinsights_sitenote_active":false,"_monsterinsights_sitenote_note":"","_monsterinsights_sitenote_category":0},"product_brand":[],"product_cat":[41,29,67,68,71],"product_tag":[],"class_list":{"0":"post-1705","1":"product","2":"type-product","3":"status-publish","4":"has-post-thumbnail","6":"product_cat-conduites-perfectionnement-a-la","7":"product_cat-formation-en-presentiel","8":"product_cat-fco","9":"product_cat-fimo","10":"product_cat-titres-professionnels","12":"first","13":"instock","14":"taxable","15":"shipping-taxable","16":"purchasable","17":"product-type-simple"},"aioseo_notices":[],"jetpack_sharing_enabled":true,"_links":{"self":[{"href":"https:\/\/www.alexisdegaribaldi.com\/index.php\/wp-json\/wp\/v2\/product\/1705","targetHints":{"allow":["GET"]}}],"collection":[{"href":"https:\/\/www.alexisdegaribaldi.com\/index.php\/wp-json\/wp\/v2\/product"}],"about":[{"href":"https:\/\/www.alexisdegaribaldi.com\/index.php\/wp-json\/wp\/v2\/types\/product"}],"wp:featuredmedia":[{"embeddable":true,"href":"https:\/\/www.alexisdegaribaldi.com\/index.php\/wp-json\/wp\/v2\/media\/1473"}],"wp:attachment":[{"href":"https:\/\/www.alexisdegaribaldi.com\/index.php\/wp-json\/wp\/v2\/media?parent=1705"}],"wp:term":[{"taxonomy":"product_brand","embeddable":true,"href":"https:\/\/www.alexisdegaribaldi.com\/index.php\/wp-json\/wp\/v2\/product_brand?post=1705"},{"taxonomy":"product_cat","embeddable":true,"href":"https:\/\/www.alexisdegaribaldi.com\/index.php\/wp-json\/wp\/v2\/product_cat?post=1705"},{"taxonomy":"product_tag","embeddable":true,"href":"https:\/\/www.alexisdegaribaldi.com\/index.php\/wp-json\/wp\/v2\/product_tag?post=1705"}],"curies":[{"name":"wp","href":"https:\/\/api.w.org\/{rel}","templated":true}]}}