{"id":1712,"date":"2022-09-05T20:37:56","date_gmt":"2022-09-05T18:37:56","guid":{"rendered":"https:\/\/www.alexisdegaribaldi.com\/?post_type=product&#038;p=1712"},"modified":"2022-09-14T09:56:32","modified_gmt":"2022-09-14T07:56:32","slug":"hypnose-1-seance-au-cabinet","status":"publish","type":"product","link":"https:\/\/www.alexisdegaribaldi.com\/index.php\/product\/hypnose-1-seance-au-cabinet\/","title":{"rendered":"Hypnose 1 S\u00e9ance au Cabinet"},"content":{"rendered":"<p>S\u00e9ance d&rsquo;hypnose Ericksonienne,<\/p>\n<p>Doit \u00eatre pr\u00e9c\u00e9d\u00e9e d&rsquo;une Anamn\u00e8se ( entretient pr\u00e9alable )\u00a0 s&rsquo;il s&rsquo;agit de la premi\u00e8re s\u00e9ance.<\/p>\n","protected":false},"excerpt":{"rendered":"<p>S\u00e9ance d&rsquo;hypnose Ericksonienne, Doit \u00eatre pr\u00e9c\u00e9d\u00e9e d&rsquo;une Anamn\u00e8se ( entretient pr\u00e9alable )\u00a0 s&rsquo;il s&rsquo;agit de la premi\u00e8re s\u00e9ance.<\/p>\n","protected":false},"featured_media":101,"template":"","meta":{"_eb_attr":"","om_disable_all_campaigns":false,"_monsterinsights_skip_tracking":false,"_monsterinsights_sitenote_active":false,"_monsterinsights_sitenote_note":"","_monsterinsights_sitenote_category":0},"product_brand":[],"product_cat":[47],"product_tag":[],"class_list":{"0":"post-1712","1":"product","2":"type-product","3":"status-publish","4":"has-post-thumbnail","6":"product_cat-hypnose","8":"first","9":"instock","10":"virtual","11":"purchasable","12":"product-type-simple"},"aioseo_notices":[],"jetpack_sharing_enabled":true,"_links":{"self":[{"href":"https:\/\/www.alexisdegaribaldi.com\/index.php\/wp-json\/wp\/v2\/product\/1712","targetHints":{"allow":["GET"]}}],"collection":[{"href":"https:\/\/www.alexisdegaribaldi.com\/index.php\/wp-json\/wp\/v2\/product"}],"about":[{"href":"https:\/\/www.alexisdegaribaldi.com\/index.php\/wp-json\/wp\/v2\/types\/product"}],"wp:featuredmedia":[{"embeddable":true,"href":"https:\/\/www.alexisdegaribaldi.com\/index.php\/wp-json\/wp\/v2\/media\/101"}],"wp:attachment":[{"href":"https:\/\/www.alexisdegaribaldi.com\/index.php\/wp-json\/wp\/v2\/media?parent=1712"}],"wp:term":[{"taxonomy":"product_brand","embeddable":true,"href":"https:\/\/www.alexisdegaribaldi.com\/index.php\/wp-json\/wp\/v2\/product_brand?post=1712"},{"taxonomy":"product_cat","embeddable":true,"href":"https:\/\/www.alexisdegaribaldi.com\/index.php\/wp-json\/wp\/v2\/product_cat?post=1712"},{"taxonomy":"product_tag","embeddable":true,"href":"https:\/\/www.alexisdegaribaldi.com\/index.php\/wp-json\/wp\/v2\/product_tag?post=1712"}],"curies":[{"name":"wp","href":"https:\/\/api.w.org\/{rel}","templated":true}]}}